-- https://www.phpmyadmin.net/
--

START TRANSACTION;



--
-- Database: `laravel7_spp`
--

-- --------------------------------------------------------

--
-- Table structure for table `balance_history`
--

CREATE TABLE `balance_history` (
  `id` int(11) NOT NULL,
  `school_id` int(11) NOT NULL,
  `transaction_type` enum('IN','OUT') NOT NULL,
  `amount` bigint(20) NOT NULL,
  `description` varchar(255) NOT NULL,
  `created_by` int(11) NOT NULL,
  `created_at` timestamp NOT NULL DEFAULT current_timestamp() ON UPDATE current_timestamp(),
  `updated_at` datetime NOT NULL
) ENGINE=InnoDB DEFAULT CHARSET=utf8mb4;

--
-- Dumping data for table `balance_history`
--

INSERT INTO `balance_history` (`id`, `school_id`, `transaction_type`, `amount`, `description`, `created_by`, `created_at`, `updated_at`) VALUES
(1, 1, 'IN', 5000000, 'pendapatan SPP', 43, '2026-08-12 09:22:13', '2026-08-12 16:22:13'),
(2, 1, 'IN', 2500000, 'pendaftaran siswa baru', 43, '2026-08-12 09:28:48', '2026-08-12 16:28:48'),
(3, 2, 'IN', 3400000, 'pendapatan spp', 43, '2026-08-12 09:29:17', '2026-08-12 16:29:17'),
(4, 3, 'IN', 8650000, 'pendapatan spp', 43, '2026-08-12 09:29:41', '2026-08-12 16:29:41'),
(5, 4, 'IN', 7860000, 'pendapatan spp', 43, '2026-08-12 09:29:56', '2026-08-12 16:29:56'),
(6, 3, 'IN', 1250000, 'pendapatan spp', 47, '2026-08-16 06:19:23', '2026-08-16 13:19:23'),
(7, 4, 'IN', 1450000, 'pendapatan spp', 47, '2026-08-16 06:19:35', '2026-08-16 13:19:35'),
(8, 2, 'IN', 3500000, 'pendapatan spp', 47, '2026-08-16 06:19:50', '2026-08-16 13:19:50'),
(9, 1, 'IN', 800000, 'pendapatan spp', 47, '2026-08-16 06:20:02', '2026-08-16 13:20:02'),
(10, 2, 'OUT', 4500000, 'Kursi Siswa - Penggantian kursi siswa yang rusak pada beberapa ruang kelas. Estimasi harga Rp300.000/unit × 15 unit.', 41, '2026-08-16 08:25:49', '2026-08-16 15:25:49'),
(11, 1, 'IN', 2000000, 'pendapatan spp', 47, '2026-08-17 00:47:21', '2026-08-17 07:47:21'),
(12, 2, 'IN', 2000000, 'pendapatan spp', 47, '2026-08-17 00:47:31', '2026-08-17 07:47:31'),
(13, 3, 'IN', 2000000, 'pendapatan spp', 47, '2026-08-17 00:47:41', '2026-08-17 07:47:41'),
(14, 4, 'IN', 2000000, 'pendapatan spp', 47, '2026-08-17 00:47:50', '2026-08-17 07:47:50'),
(15, 1, 'OUT', 8000000, 'AC Ruang Kelas - Pengadaan AC untuk 2 ruang kelas. Estimasi harga Rp4.000.000/unit × 2 unit.', 41, '2026-08-17 01:10:23', '2026-08-17 08:10:23'),
(16, 1, 'OUT', 1500000, 'Instalasi AC - Instalasi listrik dan pemasangan AC pada 2 ruang kelas. Estimasi biaya Rp1.500.000.', 41, '2026-08-17 01:11:12', '2026-08-17 08:11:12');

-- --------------------------------------------------------

--
-- Table structure for table `icon`
--

CREATE TABLE `icon` (
  `id` int(11) NOT NULL,
  `name` varchar(50) NOT NULL
) ENGINE=InnoDB DEFAULT CHARSET=latin1;

--
-- Dumping data for table `icon`
--

INSERT INTO `icon` (`id`, `name`) VALUES
(1, '123'),
(5, '2fa'),
(6, '360-view'),
(7, '3d-cube-sphere-off'),
(8, '3d-cube-sphere'),
(9, '3d-rotate'),
(10, 'a-b-2'),
(11, 'a-b-off'),
(12, 'a-b'),
(13, 'abacus-off'),
(14, 'abacus'),
(15, 'abc'),
(16, 'access-point-off'),
(17, 'access-point'),
(19, 'accessible-off'),
(20, 'accessible'),
(21, 'activity-heartbeat'),
(22, 'activity'),
(23, 'ad-2'),
(28, 'ad-off'),
(29, 'ad'),
(30, 'address-book-off'),
(31, 'address-book'),
(32, 'adjustments-alt'),
(43, 'adjustments-horizontal'),
(45, 'adjustments-off'),
(55, 'adjustments'),
(56, 'aerial-lift'),
(58, 'affiliate'),
(59, 'air-balloon'),
(60, 'air-conditioning-disabled'),
(61, 'air-conditioning'),
(67, 'alarm-off'),
(72, 'alarm'),
(73, 'album-off'),
(74, 'album'),
(77, 'alert-circle'),
(82, 'alert-octagon'),
(92, 'alert-triangle'),
(94, 'alien'),
(96, 'align-box-bottom-center'),
(98, 'align-box-bottom-left'),
(100, 'align-box-bottom-right'),
(107, 'align-box-left-bottom'),
(109, 'align-box-left-middle'),
(112, 'align-box-left-top'),
(114, 'align-box-right-bottom'),
(116, 'align-box-right-middle'),
(119, 'align-box-right-top'),
(121, 'align-box-top-center'),
(123, 'align-box-top-left'),
(125, 'align-box-top-right'),
(126, 'align-center'),
(127, 'align-justified'),
(128, 'align-left'),
(129, 'align-right'),
(130, 'alpha'),
(131, 'alphabet-cyrillic'),
(132, 'alphabet-greek'),
(133, 'alphabet-latin'),
(135, 'ambulance'),
(136, 'ampersand'),
(138, 'analyze-off'),
(139, 'analyze'),
(140, 'anchor-off'),
(141, 'anchor'),
(142, 'angle'),
(143, 'ankh'),
(144, 'antenna-bars-1'),
(145, 'antenna-bars-2'),
(146, 'antenna-bars-3'),
(147, 'antenna-bars-4'),
(148, 'antenna-bars-5'),
(149, 'antenna-bars-off'),
(150, 'antenna-off'),
(151, 'antenna'),
(152, 'aperture-off'),
(153, 'aperture'),
(154, 'api-app-off'),
(155, 'api-app'),
(156, 'api-off'),
(157, 'api'),
(159, 'app-window'),
(160, 'apple'),
(162, 'apps-off'),
(163, 'apps'),
(166, 'archive-off'),
(167, 'archive'),
(168, 'armchair-2-off'),
(169, 'armchair-2'),
(170, 'armchair-off'),
(171, 'armchair'),
(173, 'arrow-autofit-content'),
(174, 'arrow-autofit-down'),
(175, 'arrow-autofit-height'),
(176, 'arrow-autofit-left'),
(177, 'arrow-autofit-right'),
(178, 'arrow-autofit-up'),
(179, 'arrow-autofit-width'),
(181, 'arrow-back-up'),
(182, 'arrow-back'),
(192, 'arrow-bar-down'),
(193, 'arrow-bar-left'),
(194, 'arrow-bar-right'),
(195, 'arrow-bar-to-down'),
(196, 'arrow-bar-to-left'),
(197, 'arrow-bar-to-right'),
(198, 'arrow-bar-to-up'),
(199, 'arrow-bar-up'),
(200, 'arrow-bear-left-2'),
(201, 'arrow-bear-left'),
(202, 'arrow-bear-right-2'),
(203, 'arrow-bear-right'),
(206, 'arrow-big-down-line'),
(208, 'arrow-big-down-lines'),
(209, 'arrow-big-down'),
(212, 'arrow-big-left-line'),
(214, 'arrow-big-left-lines'),
(215, 'arrow-big-left'),
(218, 'arrow-big-right-line'),
(220, 'arrow-big-right-lines'),
(221, 'arrow-big-right'),
(224, 'arrow-big-up-line'),
(226, 'arrow-big-up-lines'),
(228, 'arrow-bounce'),
(230, 'arrow-curve-left'),
(231, 'arrow-curve-right'),
(232, 'arrow-down-bar'),
(233, 'arrow-down-circle'),
(234, 'arrow-down-left-circle'),
(235, 'arrow-down-left'),
(237, 'arrow-down-right-circle'),
(238, 'arrow-down-right'),
(239, 'arrow-down-square'),
(240, 'arrow-down-tail'),
(241, 'arrow-down'),
(244, 'arrow-fork'),
(246, 'arrow-forward-up'),
(247, 'arrow-forward'),
(248, 'arrow-guide'),
(249, 'arrow-iteration'),
(250, 'arrow-left-bar'),
(251, 'arrow-left-circle'),
(253, 'arrow-left-right'),
(254, 'arrow-left-square'),
(255, 'arrow-left-tail'),
(256, 'arrow-left'),
(257, 'arrow-loop-left-2'),
(258, 'arrow-loop-left'),
(259, 'arrow-loop-right-2'),
(260, 'arrow-loop-right'),
(263, 'arrow-merge-both'),
(264, 'arrow-merge-left'),
(265, 'arrow-merge-right'),
(266, 'arrow-merge'),
(267, 'arrow-move-down'),
(268, 'arrow-move-left'),
(269, 'arrow-move-right'),
(270, 'arrow-move-up'),
(271, 'arrow-narrow-down'),
(272, 'arrow-narrow-left'),
(273, 'arrow-narrow-right'),
(274, 'arrow-narrow-up'),
(275, 'arrow-ramp-left-2'),
(276, 'arrow-ramp-left-3'),
(277, 'arrow-ramp-left'),
(278, 'arrow-ramp-right-2'),
(279, 'arrow-ramp-right-3'),
(280, 'arrow-ramp-right'),
(281, 'arrow-right-bar'),
(282, 'arrow-right-circle'),
(284, 'arrow-right-square'),
(285, 'arrow-right-tail'),
(286, 'arrow-right'),
(287, 'arrow-rotary-first-left'),
(288, 'arrow-rotary-first-right'),
(289, 'arrow-rotary-last-left'),
(290, 'arrow-rotary-last-right'),
(291, 'arrow-rotary-left'),
(292, 'arrow-rotary-right'),
(293, 'arrow-rotary-straight'),
(294, 'arrow-roundabout-left'),
(295, 'arrow-roundabout-right'),
(296, 'arrow-sharp-turn-left'),
(297, 'arrow-sharp-turn-right'),
(298, 'arrow-up-bar'),
(299, 'arrow-up-circle'),
(300, 'arrow-up-left-circle'),
(301, 'arrow-up-left'),
(303, 'arrow-up-right-circle'),
(304, 'arrow-up-right'),
(305, 'arrow-up-square'),
(306, 'arrow-up-tail'),
(307, 'arrow-up'),
(308, 'arrow-wave-left-down'),
(309, 'arrow-wave-left-up'),
(310, 'arrow-wave-right-down'),
(311, 'arrow-wave-right-up'),
(312, 'arrow-zig-zag'),
(313, 'arrows-cross'),
(314, 'arrows-diagonal-2'),
(315, 'arrows-diagonal-minimize-2'),
(316, 'arrows-diagonal-minimize'),
(317, 'arrows-diagonal'),
(318, 'arrows-diff'),
(319, 'arrows-double-ne-sw'),
(320, 'arrows-double-nw-se'),
(321, 'arrows-double-se-nw'),
(322, 'arrows-double-sw-ne'),
(323, 'arrows-down-up'),
(324, 'arrows-down'),
(325, 'arrows-exchange-2'),
(326, 'arrows-exchange'),
(327, 'arrows-horizontal'),
(328, 'arrows-join-2'),
(329, 'arrows-join'),
(330, 'arrows-left-down'),
(331, 'arrows-left-right'),
(332, 'arrows-left'),
(333, 'arrows-maximize'),
(334, 'arrows-minimize'),
(335, 'arrows-move-horizontal'),
(336, 'arrows-move-vertical'),
(337, 'arrows-move'),
(338, 'arrows-random'),
(339, 'arrows-right-down'),
(340, 'arrows-right-left'),
(341, 'arrows-right'),
(342, 'arrows-shuffle-2'),
(343, 'arrows-shuffle'),
(344, 'arrows-sort'),
(345, 'arrows-split-2'),
(346, 'arrows-split'),
(347, 'arrows-transfer-down'),
(348, 'arrows-transfer-up'),
(349, 'arrows-up-down'),
(350, 'arrows-up-left'),
(351, 'arrows-up-right'),
(352, 'arrows-up'),
(353, 'arrows-vertical'),
(355, 'artboard-off'),
(356, 'artboard'),
(358, 'article-off'),
(359, 'article'),
(361, 'aspect-ratio-off'),
(362, 'aspect-ratio'),
(363, 'assembly-off'),
(364, 'assembly'),
(365, 'asset'),
(366, 'asterisk-simple'),
(367, 'asterisk'),
(368, 'at-off'),
(369, 'at'),
(371, 'atom-2'),
(372, 'atom-off'),
(373, 'atom'),
(374, 'augmented-reality-2'),
(375, 'augmented-reality-off'),
(376, 'augmented-reality'),
(379, 'award-off'),
(380, 'award'),
(381, 'axe'),
(382, 'axis-x'),
(383, 'axis-y'),
(384, 'baby-bottle'),
(385, 'baby-carriage'),
(386, 'backhoe'),
(387, 'backpack-off'),
(388, 'backpack'),
(391, 'backspace'),
(392, 'badge-3d'),
(393, 'badge-4k'),
(394, 'badge-8k'),
(395, 'badge-ad'),
(396, 'badge-ar'),
(397, 'badge-cc'),
(399, 'badge-hd'),
(400, 'badge-off'),
(401, 'badge-sd'),
(402, 'badge-tm'),
(403, 'badge-vo'),
(404, 'badge-vr'),
(405, 'badge-wc'),
(406, 'badge'),
(408, 'badges-off'),
(409, 'badges'),
(410, 'baguette'),
(411, 'ball-american-football-off'),
(412, 'ball-american-football'),
(413, 'ball-baseball'),
(414, 'ball-basketball'),
(415, 'ball-bowling'),
(416, 'ball-football-off'),
(417, 'ball-football'),
(418, 'ball-tennis'),
(419, 'ball-volleyball'),
(424, 'ballpen-off'),
(425, 'ballpen'),
(426, 'ban'),
(428, 'bandage-off'),
(429, 'bandage'),
(430, 'barbell-off'),
(431, 'barbell'),
(432, 'barcode-off'),
(433, 'barcode'),
(434, 'barrel-off'),
(435, 'barrel'),
(436, 'barrier-block-off'),
(437, 'barrier-block'),
(441, 'baseline'),
(454, 'basket-off'),
(464, 'basket'),
(465, 'bat'),
(467, 'bath-off'),
(468, 'bath'),
(470, 'battery-1'),
(472, 'battery-2'),
(474, 'battery-3'),
(476, 'battery-4'),
(477, 'battery-automotive'),
(478, 'battery-charging-2'),
(479, 'battery-charging'),
(480, 'battery-eco'),
(482, 'battery-off'),
(483, 'battery'),
(484, 'beach-off'),
(485, 'beach'),
(488, 'bed-off'),
(489, 'bed'),
(491, 'beer-off'),
(492, 'beer'),
(504, 'bell-minus'),
(505, 'bell-off'),
(509, 'bell-plus'),
(512, 'bell-ringing-2'),
(514, 'bell-ringing'),
(515, 'bell-school'),
(521, 'bell-x'),
(523, 'bell-z'),
(524, 'bell'),
(525, 'beta'),
(526, 'bible'),
(527, 'bike-off'),
(528, 'bike'),
(529, 'binary-off'),
(530, 'binary-tree-2'),
(531, 'binary-tree'),
(532, 'binary'),
(533, 'biohazard-off'),
(534, 'biohazard'),
(536, 'blade'),
(537, 'bleach-chlorine'),
(538, 'bleach-no-chlorine'),
(539, 'bleach-off'),
(540, 'bleach'),
(542, 'blockquote'),
(543, 'bluetooth-connected'),
(544, 'bluetooth-off'),
(545, 'bluetooth-x'),
(546, 'bluetooth'),
(547, 'blur-off'),
(548, 'blur'),
(549, 'bmp'),
(551, 'bold-off'),
(552, 'bold'),
(553, 'bolt-off'),
(554, 'bolt'),
(556, 'bomb'),
(557, 'bone-off'),
(558, 'bone'),
(559, 'bong-off'),
(560, 'bong'),
(561, 'book-2'),
(562, 'book-download'),
(564, 'book-off'),
(565, 'book-upload'),
(566, 'book'),
(571, 'bookmark-off'),
(574, 'bookmark'),
(576, 'bookmarks-off'),
(577, 'bookmarks'),
(578, 'books-off'),
(579, 'books'),
(580, 'border-all'),
(581, 'border-bottom'),
(583, 'border-horizontal'),
(584, 'border-inner'),
(585, 'border-left'),
(586, 'border-none'),
(587, 'border-outer'),
(588, 'border-radius'),
(589, 'border-right'),
(591, 'border-style-2'),
(592, 'border-style'),
(593, 'border-top'),
(594, 'border-vertical'),
(596, 'bottle-off'),
(597, 'bottle'),
(599, 'bounce-left'),
(601, 'bounce-right'),
(602, 'box'),
(603, 'braces-off'),
(604, 'braces'),
(607, 'brackets-contain-end'),
(608, 'brackets-contain-start'),
(609, 'brackets-contain'),
(610, 'brackets-off'),
(611, 'brackets'),
(613, 'brain'),
(614, 'brand-4chan'),
(615, 'brand-abstract'),
(616, 'brand-adobe'),
(617, 'brand-adonis-js'),
(618, 'brand-airbnb'),
(619, 'brand-airtable'),
(620, 'brand-algolia'),
(622, 'brand-alpine-js'),
(623, 'brand-amazon'),
(627, 'brand-android'),
(628, 'brand-angular'),
(631, 'brand-appgallery'),
(632, 'brand-apple-arcade'),
(633, 'brand-apple-podcast'),
(634, 'brand-apple'),
(635, 'brand-appstore'),
(636, 'brand-asana'),
(640, 'brand-backbone'),
(641, 'brand-badoo'),
(643, 'brand-bandcamp'),
(645, 'brand-beats'),
(646, 'brand-behance'),
(648, 'brand-binance'),
(649, 'brand-bing'),
(650, 'brand-bitbucket'),
(652, 'brand-blender'),
(653, 'brand-blogger'),
(654, 'brand-booking'),
(655, 'brand-bootstrap'),
(656, 'brand-bulma'),
(658, 'brand-bunpo'),
(662, 'brand-campaignmonitor'),
(663, 'brand-carbon'),
(664, 'brand-cashapp'),
(665, 'brand-chrome'),
(669, 'brand-codecov'),
(670, 'brand-codepen'),
(671, 'brand-codesandbox'),
(672, 'brand-cohost'),
(673, 'brand-coinbase'),
(674, 'brand-comedy-central'),
(677, 'brand-couchsurfing'),
(681, 'brand-css3'),
(682, 'brand-ctemplar'),
(683, 'brand-cucumber'),
(684, 'brand-cupra'),
(685, 'brand-cypress'),
(686, 'brand-d3'),
(688, 'brand-days-counter'),
(689, 'brand-dcos'),
(690, 'brand-debian'),
(692, 'brand-deliveroo'),
(693, 'brand-deno'),
(695, 'brand-deviantart'),
(699, 'brand-discord'),
(700, 'brand-disney'),
(701, 'brand-disqus'),
(702, 'brand-django'),
(703, 'brand-docker'),
(704, 'brand-doctrine'),
(705, 'brand-dolby-digital'),
(708, 'brand-dribbble'),
(709, 'brand-drops'),
(710, 'brand-drupal'),
(711, 'brand-edge'),
(714, 'brand-ember'),
(715, 'brand-envato'),
(719, 'brand-facebook'),
(721, 'brand-figma'),
(723, 'brand-finder'),
(724, 'brand-firebase'),
(725, 'brand-firefox'),
(727, 'brand-flickr'),
(728, 'brand-flightradar24'),
(729, 'brand-flipboard'),
(730, 'brand-flutter'),
(731, 'brand-fortnite'),
(732, 'brand-foursquare'),
(734, 'brand-framer'),
(736, 'brand-gatsby'),
(737, 'brand-git'),
(738, 'brand-github-copilot'),
(740, 'brand-github'),
(741, 'brand-gitlab'),
(742, 'brand-gmail'),
(744, 'brand-google-analytics'),
(746, 'brand-google-drive'),
(747, 'brand-google-fit'),
(750, 'brand-google-one'),
(751, 'brand-google-photos'),
(752, 'brand-google-play'),
(754, 'brand-google'),
(755, 'brand-grammarly'),
(756, 'brand-graphql'),
(757, 'brand-gravatar'),
(758, 'brand-grindr'),
(759, 'brand-guardian'),
(760, 'brand-gumroad'),
(762, 'brand-headlessui'),
(764, 'brand-hipchat'),
(765, 'brand-html5'),
(766, 'brand-inertia'),
(767, 'brand-instagram'),
(768, 'brand-intercom'),
(770, 'brand-javascript'),
(774, 'brand-kickstarter'),
(775, 'brand-kotlin'),
(776, 'brand-laravel'),
(777, 'brand-lastfm'),
(781, 'brand-linkedin'),
(782, 'brand-linktree'),
(783, 'brand-linqpad'),
(784, 'brand-loom'),
(785, 'brand-mailgun'),
(786, 'brand-mantine'),
(787, 'brand-mastercard'),
(788, 'brand-mastodon'),
(790, 'brand-mcdonalds'),
(791, 'brand-medium'),
(793, 'brand-mercedes'),
(794, 'brand-messenger'),
(795, 'brand-meta'),
(798, 'brand-mixpanel'),
(799, 'brand-monday'),
(801, 'brand-my-oppo'),
(804, 'brand-nem'),
(805, 'brand-netbeans'),
(807, 'brand-netflix'),
(808, 'brand-nexo'),
(809, 'brand-nextcloud'),
(810, 'brand-nextjs'),
(812, 'brand-nord-vpn'),
(813, 'brand-notion'),
(814, 'brand-npm'),
(815, 'brand-nuxt'),
(816, 'brand-nytimes'),
(818, 'brand-office'),
(819, 'brand-ok-ru'),
(820, 'brand-onedrive'),
(822, 'brand-open-source'),
(824, 'brand-openvpn'),
(825, 'brand-opera'),
(826, 'brand-pagekit'),
(829, 'brand-patreon'),
(831, 'brand-paypal'),
(833, 'brand-peanut'),
(834, 'brand-pepsi'),
(835, 'brand-php'),
(836, 'brand-picsart'),
(837, 'brand-pinterest'),
(839, 'brand-pocket'),
(840, 'brand-polymer'),
(842, 'brand-prisma'),
(843, 'brand-producthunt'),
(844, 'brand-pushbullet'),
(845, 'brand-pushover'),
(846, 'brand-python'),
(849, 'brand-react-native'),
(850, 'brand-react'),
(851, 'brand-reason'),
(852, 'brand-reddit'),
(853, 'brand-redhat'),
(854, 'brand-redux'),
(855, 'brand-revolut'),
(858, 'brand-safari'),
(859, 'brand-safari'),
(860, 'brand-samsungpass'),
(861, 'brand-sass'),
(862, 'brand-sentry'),
(863, 'brand-sharik'),
(864, 'brand-shazam'),
(865, 'brand-shopee'),
(866, 'brand-sketch'),
(867, 'brand-skype'),
(868, 'brand-slack'),
(869, 'brand-snapchat'),
(870, 'brand-snapseed'),
(872, 'brand-socket-io'),
(874, 'brand-soundcloud'),
(875, 'brand-spacehey'),
(877, 'brand-spotify'),
(878, 'brand-stackoverflow'),
(880, 'brand-steam'),
(882, 'brand-storybook'),
(884, 'brand-strava'),
(885, 'brand-stripe'),
(886, 'brand-sublime-text'),
(889, 'brand-superhuman'),
(890, 'brand-supernova'),
(891, 'brand-surfshark'),
(892, 'brand-svelte'),
(895, 'brand-tabler'),
(896, 'brand-tailwind'),
(900, 'brand-telegram'),
(902, 'brand-tether'),
(905, 'brand-tidal'),
(907, 'brand-tiktok'),
(908, 'brand-tinder'),
(909, 'brand-topbuzz'),
(910, 'brand-torchain'),
(911, 'brand-toyota'),
(912, 'brand-trello'),
(913, 'brand-tripadvisor'),
(914, 'brand-tumblr'),
(916, 'brand-twitch'),
(918, 'brand-twitter'),
(920, 'brand-uber'),
(921, 'brand-ubuntu'),
(922, 'brand-unity'),
(923, 'brand-unsplash'),
(924, 'brand-upwork'),
(925, 'brand-valorant'),
(926, 'brand-vercel'),
(927, 'brand-vimeo'),
(928, 'brand-vinted'),
(929, 'brand-visa'),
(930, 'brand-visual-studio'),
(932, 'brand-vivaldi'),
(933, 'brand-vk'),
(935, 'brand-volkswagen'),
(936, 'brand-vsco'),
(937, 'brand-vscode'),
(938, 'brand-vue'),
(939, 'brand-walmart'),
(940, 'brand-waze'),
(941, 'brand-webflow'),
(944, 'brand-whatsapp'),
(946, 'brand-windows'),
(947, 'brand-windy'),
(948, 'brand-wish'),
(949, 'brand-wix'),
(950, 'brand-wordpress'),
(954, 'brand-xbox'),
(956, 'brand-xing'),
(957, 'brand-yahoo'),
(959, 'brand-yatse'),
(960, 'brand-ycombinator'),
(962, 'brand-youtube-kids'),
(963, 'brand-youtube'),
(964, 'brand-zalando'),
(965, 'brand-zapier'),
(966, 'brand-zeit'),
(968, 'brand-zoom'),
(969, 'brand-zulip'),
(970, 'brand-zwift'),
(971, 'bread-off'),
(972, 'bread'),
(975, 'briefcase-off'),
(976, 'briefcase'),
(977, 'brightness-2'),
(979, 'brightness-down'),
(980, 'brightness-half'),
(981, 'brightness-off'),
(983, 'brightness-up'),
(984, 'brightness'),
(985, 'broadcast-off'),
(986, 'broadcast'),
(987, 'browser-check'),
(988, 'browser-off'),
(989, 'browser-plus'),
(990, 'browser-x'),
(991, 'browser'),
(992, 'brush-off'),
(993, 'brush'),
(994, 'bucket-droplet'),
(995, 'bucket-off'),
(996, 'bucket'),
(998, 'bug-off'),
(999, 'bug'),
(1000, 'building-arch'),
(1001, 'building-bank'),
(1002, 'building-bridge-2'),
(1003, 'building-bridge'),
(1004, 'building-broadcast-tower'),
(1005, 'building-carousel'),
(1006, 'building-castle'),
(1007, 'building-church'),
(1008, 'building-circus'),
(1009, 'building-community'),
(1010, 'building-cottage'),
(1011, 'building-estate'),
(1012, 'building-factory-2'),
(1013, 'building-factory'),
(1014, 'building-fortress'),
(1015, 'building-hospital'),
(1016, 'building-lighthouse'),
(1017, 'building-monument'),
(1020, 'building-skyscraper'),
(1022, 'building-store'),
(1023, 'building-tunnel'),
(1024, 'building-warehouse'),
(1025, 'building-wind-turbine'),
(1026, 'building'),
(1028, 'bulb-off'),
(1029, 'bulb'),
(1030, 'bulldozer'),
(1032, 'bus-off'),
(1033, 'bus-stop'),
(1034, 'bus'),
(1035, 'businessplan'),
(1036, 'butterfly'),
(1038, 'cactus-off'),
(1039, 'cactus'),
(1040, 'cake-off'),
(1041, 'cake'),
(1043, 'calculator-off'),
(1044, 'calculator'),
(1053, 'calendar-event'),
(1057, 'calendar-minus'),
(1058, 'calendar-off'),
(1061, 'calendar-plus'),
(1067, 'calendar-stats'),
(1068, 'calendar-time'),
(1071, 'calendar'),
(1082, 'camera-minus'),
(1083, 'camera-off'),
(1086, 'camera-plus'),
(1088, 'camera-rotate'),
(1090, 'camera-selfie'),
(1095, 'camera'),
(1098, 'campfire'),
(1100, 'candle'),
(1101, 'candy-off'),
(1102, 'candy'),
(1103, 'cane'),
(1104, 'cannabis'),
(1110, 'capture-off'),
(1111, 'capture'),
(1112, 'car-crane'),
(1113, 'car-crash'),
(1115, 'car-off'),
(1117, 'car-turbine'),
(1118, 'car'),
(1119, 'caravan'),
(1120, 'cardboards-off'),
(1121, 'cardboards'),
(1123, 'cards'),
(1125, 'caret-down'),
(1129, 'caret-left'),
(1131, 'caret-right'),
(1135, 'caret-up'),
(1140, 'carrot-off'),
(1141, 'carrot'),
(1142, 'cash-banknote-off'),
(1143, 'cash-banknote'),
(1144, 'cash-off'),
(1145, 'cash'),
(1146, 'cast-off'),
(1147, 'cast'),
(1149, 'category-2'),
(1151, 'category'),
(1152, 'ce-off'),
(1153, 'ce'),
(1154, 'cell-signal-1'),
(1155, 'cell-signal-2'),
(1156, 'cell-signal-3'),
(1157, 'cell-signal-4'),
(1158, 'cell-signal-5'),
(1159, 'cell-signal-off'),
(1160, 'cell'),
(1161, 'certificate-2-off'),
(1162, 'certificate-2'),
(1163, 'certificate-off'),
(1164, 'certificate'),
(1165, 'chair-director'),
(1166, 'chalkboard-off'),
(1167, 'chalkboard'),
(1168, 'charging-pile'),
(1169, 'chart-arcs-3'),
(1170, 'chart-arcs'),
(1173, 'chart-area-line'),
(1174, 'chart-area'),
(1175, 'chart-arrows-vertical'),
(1176, 'chart-arrows'),
(1177, 'chart-bar-off'),
(1178, 'chart-bar'),
(1180, 'chart-bubble'),
(1182, 'chart-candle'),
(1183, 'chart-circles'),
(1184, 'chart-donut-2'),
(1185, 'chart-donut-3'),
(1186, 'chart-donut-4'),
(1188, 'chart-donut'),
(1189, 'chart-dots-2'),
(1190, 'chart-dots-3'),
(1192, 'chart-dots'),
(1194, 'chart-grid-dots'),
(1196, 'chart-infographic'),
(1197, 'chart-line'),
(1198, 'chart-pie-2'),
(1199, 'chart-pie-3'),
(1200, 'chart-pie-4'),
(1202, 'chart-pie-off'),
(1203, 'chart-pie'),
(1205, 'chart-radar'),
(1207, 'chart-treemap'),
(1208, 'check'),
(1209, 'checkbox'),
(1210, 'checklist'),
(1211, 'checks'),
(1212, 'checkup-list'),
(1213, 'cheese'),
(1214, 'chef-hat-off'),
(1215, 'chef-hat'),
(1217, 'cherry'),
(1219, 'chess-bishop'),
(1222, 'chess-king'),
(1224, 'chess-knight'),
(1226, 'chess-queen'),
(1228, 'chess-rook'),
(1229, 'chess'),
(1234, 'chevron-down-left'),
(1235, 'chevron-down-right'),
(1236, 'chevron-down'),
(1238, 'chevron-left'),
(1240, 'chevron-right'),
(1241, 'chevron-up-left'),
(1242, 'chevron-up-right'),
(1243, 'chevron-up'),
(1244, 'chevrons-down-left'),
(1245, 'chevrons-down-right'),
(1246, 'chevrons-down'),
(1247, 'chevrons-left'),
(1248, 'chevrons-right'),
(1249, 'chevrons-up-left'),
(1250, 'chevrons-up-right'),
(1251, 'chevrons-up'),
(1252, 'chisel'),
(1253, 'christmas-tree-off'),
(1254, 'christmas-tree'),
(1281, 'circle-caret-down'),
(1282, 'circle-caret-left'),
(1283, 'circle-caret-right'),
(1284, 'circle-caret-up'),
(1286, 'circle-check'),
(1306, 'circle-dashed'),
(1308, 'circle-dot'),
(1309, 'circle-dotted'),
(1311, 'circle-half-2'),
(1312, 'circle-half-vertical'),
(1313, 'circle-half'),
(1316, 'circle-letter-a'),
(1317, 'circle-letter-b'),
(1318, 'circle-letter-c'),
(1319, 'circle-letter-d'),
(1320, 'circle-letter-e'),
(1321, 'circle-letter-f'),
(1322, 'circle-letter-g'),
(1323, 'circle-letter-h'),
(1324, 'circle-letter-i'),
(1325, 'circle-letter-j'),
(1326, 'circle-letter-k'),
(1327, 'circle-letter-l'),
(1328, 'circle-letter-m'),
(1329, 'circle-letter-n'),
(1330, 'circle-letter-o'),
(1331, 'circle-letter-p'),
(1332, 'circle-letter-q'),
(1333, 'circle-letter-r'),
(1334, 'circle-letter-s'),
(1335, 'circle-letter-t'),
(1336, 'circle-letter-u'),
(1337, 'circle-letter-v'),
(1338, 'circle-letter-w'),
(1339, 'circle-letter-x'),
(1340, 'circle-letter-y'),
(1341, 'circle-letter-z'),
(1343, 'circle-minus'),
(1344, 'circle-number-0'),
(1345, 'circle-number-1'),
(1346, 'circle-number-2'),
(1347, 'circle-number-3'),
(1348, 'circle-number-4'),
(1349, 'circle-number-5'),
(1350, 'circle-number-6'),
(1351, 'circle-number-7'),
(1352, 'circle-number-8'),
(1353, 'circle-number-9'),
(1354, 'circle-off'),
(1356, 'circle-plus'),
(1357, 'circle-rectangle-off'),
(1358, 'circle-rectangle'),
(1359, 'circle-square'),
(1360, 'circle-triangle'),
(1362, 'circle-x'),
(1363, 'circle'),
(1365, 'circles-relation'),
(1366, 'circles'),
(1367, 'circuit-ammeter'),
(1368, 'circuit-battery'),
(1369, 'circuit-bulb'),
(1370, 'circuit-capacitor-polarized'),
(1371, 'circuit-capacitor'),
(1372, 'circuit-cell-plus'),
(1373, 'circuit-cell'),
(1374, 'circuit-changeover'),
(1375, 'circuit-diode-zener'),
(1376, 'circuit-diode'),
(1377, 'circuit-ground-digital'),
(1378, 'circuit-ground'),
(1379, 'circuit-inductor'),
(1380, 'circuit-motor'),
(1381, 'circuit-pushbutton'),
(1382, 'circuit-resistor'),
(1383, 'circuit-switch-closed'),
(1384, 'circuit-switch-open'),
(1385, 'circuit-voltmeter'),
(1386, 'clear-all'),
(1387, 'clear-formatting'),
(1388, 'click'),
(1389, 'clipboard-check'),
(1390, 'clipboard-copy'),
(1391, 'clipboard-data'),
(1392, 'clipboard-heart'),
(1393, 'clipboard-list'),
(1394, 'clipboard-off'),
(1395, 'clipboard-plus'),
(1396, 'clipboard-text'),
(1397, 'clipboard-typography'),
(1398, 'clipboard-x'),
(1399, 'clipboard'),
(1401, 'clock-2'),
(1404, 'clock-cancel'),
(1410, 'clock-edit'),
(1414, 'clock-hour-1'),
(1415, 'clock-hour-10'),
(1416, 'clock-hour-11'),
(1417, 'clock-hour-12'),
(1418, 'clock-hour-2'),
(1419, 'clock-hour-3'),
(1420, 'clock-hour-4'),
(1421, 'clock-hour-5'),
(1422, 'clock-hour-6'),
(1423, 'clock-hour-7'),
(1424, 'clock-hour-8'),
(1425, 'clock-hour-9'),
(1427, 'clock-off'),
(1428, 'clock-pause'),
(1430, 'clock-play'),
(1433, 'clock-record'),
(1438, 'clock-stop'),
(1441, 'clock'),
(1442, 'clothes-rack-off'),
(1443, 'clothes-rack'),
(1449, 'cloud-computing'),
(1450, 'cloud-data-connection'),
(1453, 'cloud-download'),
(1456, 'cloud-fog'),
(1458, 'cloud-lock-open'),
(1459, 'cloud-lock'),
(1462, 'cloud-off'),
(1467, 'cloud-rain'),
(1470, 'cloud-snow'),
(1472, 'cloud-storm'),
(1474, 'cloud-upload'),
(1476, 'cloud'),
(1477, 'clover-2'),
(1478, 'clover'),
(1480, 'clubs'),
(1481, 'code-asterix'),
(1482, 'code-circle-2'),
(1483, 'code-circle'),
(1485, 'code-minus'),
(1486, 'code-off'),
(1487, 'code-plus'),
(1488, 'code'),
(1489, 'coffee-off'),
(1490, 'coffee'),
(1491, 'coffin'),
(1493, 'coin-bitcoin'),
(1495, 'coin-euro'),
(1498, 'coin-monero'),
(1499, 'coin-off'),
(1501, 'coin-pound'),
(1503, 'coin-rupee'),
(1507, 'coin-yen'),
(1509, 'coin-yuan'),
(1510, 'coin'),
(1512, 'color-filter'),
(1513, 'color-picker-off'),
(1514, 'color-picker'),
(1515, 'color-swatch-off'),
(1516, 'color-swatch'),
(1517, 'column-insert-left'),
(1518, 'column-insert-right'),
(1523, 'columns-off'),
(1524, 'columns'),
(1525, 'comet'),
(1526, 'command-off'),
(1527, 'command'),
(1529, 'compass-off'),
(1530, 'compass'),
(1531, 'components-off'),
(1532, 'components'),
(1533, 'cone-2'),
(1534, 'cone-off'),
(1536, 'cone'),
(1537, 'confetti-off'),
(1538, 'confetti'),
(1539, 'confucius'),
(1540, 'container-off'),
(1541, 'container'),
(1542, 'contrast-2-off'),
(1543, 'contrast-2'),
(1544, 'contrast-off'),
(1545, 'contrast'),
(1546, 'cooker'),
(1547, 'cookie-man'),
(1548, 'cookie-off'),
(1549, 'cookie'),
(1550, 'copy-off'),
(1551, 'copy'),
(1553, 'copyleft-off'),
(1554, 'copyleft'),
(1556, 'copyright-off'),
(1557, 'copyright'),
(1558, 'corner-down-left-double'),
(1559, 'corner-down-left'),
(1560, 'corner-down-right-double'),
(1561, 'corner-down-right'),
(1562, 'corner-left-down-double'),
(1563, 'corner-left-down'),
(1564, 'corner-left-up-double'),
(1565, 'corner-left-up'),
(1566, 'corner-right-down-double'),
(1567, 'corner-right-down'),
(1568, 'corner-right-up-double'),
(1569, 'corner-right-up'),
(1570, 'corner-up-left-double'),
(1571, 'corner-up-left'),
(1572, 'corner-up-right-double'),
(1573, 'corner-up-right'),
(1574, 'cpu-2'),
(1575, 'cpu-off'),
(1576, 'cpu'),
(1577, 'crane-off'),
(1578, 'crane'),
(1579, 'creative-commons-by'),
(1580, 'creative-commons-nc'),
(1581, 'creative-commons-nd'),
(1582, 'creative-commons-off'),
(1583, 'creative-commons-sa'),
(1584, 'creative-commons-zero'),
(1585, 'creative-commons'),
(1587, 'credit-card-off'),
(1588, 'credit-card'),
(1589, 'cricket'),
(1590, 'crop'),
(1592, 'cross-off'),
(1593, 'cross'),
(1594, 'crosshair'),
(1595, 'crown-off'),
(1596, 'crown'),
(1597, 'crutches-off'),
(1598, 'crutches'),
(1599, 'crystal-ball'),
(1606, 'cup-off'),
(1607, 'cup'),
(1608, 'curling'),
(1609, 'curly-loop'),
(1611, 'currency-bahraini'),
(1612, 'currency-baht'),
(1613, 'currency-bitcoin'),
(1614, 'currency-cent'),
(1615, 'currency-dinar'),
(1616, 'currency-dirham'),
(1617, 'currency-dogecoin'),
(1618, 'currency-dollar-australian'),
(1619, 'currency-dollar-brunei'),
(1620, 'currency-dollar-canadian'),
(1621, 'currency-dollar-guyanese'),
(1622, 'currency-dollar-off'),
(1623, 'currency-dollar-singapore'),
(1624, 'currency-dollar-zimbabwean'),
(1625, 'currency-dollar'),
(1626, 'currency-dong'),
(1627, 'currency-dram'),
(1628, 'currency-ethereum'),
(1629, 'currency-euro-off'),
(1630, 'currency-euro'),
(1632, 'currency-forint'),
(1633, 'currency-frank'),
(1634, 'currency-guarani'),
(1635, 'currency-hryvnia'),
(1637, 'currency-kip'),
(1638, 'currency-krone-czech'),
(1639, 'currency-krone-danish'),
(1640, 'currency-krone-swedish'),
(1641, 'currency-lari'),
(1642, 'currency-leu'),
(1643, 'currency-lira'),
(1644, 'currency-litecoin'),
(1645, 'currency-lyd'),
(1646, 'currency-manat'),
(1647, 'currency-monero'),
(1648, 'currency-naira'),
(1650, 'currency-off'),
(1651, 'currency-paanga'),
(1653, 'currency-pound-off'),
(1654, 'currency-pound'),
(1655, 'currency-quetzal'),
(1656, 'currency-real'),
(1657, 'currency-renminbi'),
(1658, 'currency-ripple'),
(1659, 'currency-riyal'),
(1660, 'currency-rubel'),
(1661, 'currency-rufiyaa'),
(1662, 'currency-rupee-nepalese'),
(1663, 'currency-rupee'),
(1664, 'currency-shekel'),
(1665, 'currency-solana'),
(1666, 'currency-som'),
(1667, 'currency-taka'),
(1668, 'currency-tenge'),
(1669, 'currency-tugrik'),
(1670, 'currency-won'),
(1671, 'currency-yen-off'),
(1672, 'currency-yen'),
(1673, 'currency-yuan'),
(1674, 'currency-zloty'),
(1675, 'currency'),
(1676, 'current-location-off'),
(1677, 'current-location'),
(1678, 'cursor-off'),
(1679, 'cursor-text'),
(1680, 'cut'),
(1683, 'cylinder'),
(1684, 'dashboard-off'),
(1685, 'dashboard'),
(1690, 'database-export'),
(1692, 'database-import'),
(1695, 'database-off'),
(1701, 'database'),
(1703, 'deer'),
(1704, 'delta'),
(1705, 'dental-broken'),
(1706, 'dental-off'),
(1707, 'dental'),
(1709, 'details-off'),
(1710, 'details'),
(1712, 'device-airpods'),
(1714, 'device-analytics'),
(1715, 'device-audio-tape'),
(1716, 'device-camera-phone'),
(1717, 'device-cctv-off'),
(1718, 'device-cctv'),
(1719, 'device-computer-camera-off'),
(1720, 'device-computer-camera'),
(1721, 'device-desktop-analytics'),
(1732, 'device-desktop-off'),
(1742, 'device-desktop'),
(1743, 'device-floppy'),
(1744, 'device-gamepad-2'),
(1746, 'device-gamepad'),
(1748, 'device-heart-monitor'),
(1813, 'device-laptop-off'),
(1814, 'device-laptop'),
(1817, 'device-mobile-charging'),
(1826, 'device-mobile-message'),
(1828, 'device-mobile-off'),
(1833, 'device-mobile-rotated'),
(1838, 'device-mobile-vibration'),
(1840, 'device-mobile'),
(1841, 'device-nintendo-off'),
(1842, 'device-nintendo'),
(1845, 'device-sd-card'),
(1846, 'device-sim-1'),
(1847, 'device-sim-2'),
(1848, 'device-sim-3'),
(1849, 'device-sim'),
(1850, 'device-speaker-off'),
(1851, 'device-speaker'),
(1863, 'device-tablet-off'),
(1873, 'device-tablet'),
(1874, 'device-tv-off'),
(1875, 'device-tv-old'),
(1876, 'device-tv'),
(1889, 'device-watch-off'),
(1897, 'device-watch-stats-2'),
(1898, 'device-watch-stats'),
(1901, 'device-watch'),
(1902, 'devices-2'),
(1913, 'devices-off'),
(1915, 'devices-pc-off'),
(1916, 'devices-pc'),
(1925, 'devices'),
(1930, 'dialpad-off'),
(1931, 'dialpad'),
(1933, 'diamond-off'),
(1934, 'diamond'),
(1936, 'diamonds'),
(1938, 'dice-1'),
(1940, 'dice-2'),
(1942, 'dice-3'),
(1944, 'dice-4'),
(1946, 'dice-5'),
(1948, 'dice-6'),
(1950, 'dice'),
(1951, 'dimensions'),
(1952, 'direction-horizontal'),
(1954, 'direction-sign-off'),
(1955, 'direction-sign'),
(1956, 'direction'),
(1957, 'directions-off'),
(1958, 'directions'),
(1959, 'disabled-2'),
(1960, 'disabled-off'),
(1961, 'disabled'),
(1962, 'disc-golf'),
(1963, 'disc-off'),
(1964, 'disc'),
(1965, 'discount-2-off'),
(1966, 'discount-2'),
(1968, 'discount-check'),
(1969, 'discount-off'),
(1970, 'discount'),
(1971, 'divide'),
(1972, 'dna-2-off'),
(1973, 'dna-2'),
(1974, 'dna-off'),
(1975, 'dna'),
(1976, 'dog-bowl'),
(1978, 'door-enter'),
(1979, 'door-exit'),
(1980, 'door-off'),
(1981, 'door'),
(1982, 'dots-circle-horizontal'),
(1983, 'dots-diagonal-2'),
(1984, 'dots-diagonal'),
(1985, 'dots-vertical'),
(1986, 'dots'),
(1987, 'download-off'),
(1988, 'download'),
(1989, 'drag-drop-2'),
(1990, 'drag-drop'),
(1991, 'drone-off'),
(1992, 'drone'),
(1993, 'drop-circle'),
(2002, 'droplet-filled'),
(2004, 'droplet-half-2'),
(2006, 'droplet-half'),
(2009, 'droplet-off'),
(2019, 'droplet'),
(2022, 'e-passport'),
(2023, 'ear-off'),
(2024, 'ear'),
(2025, 'ease-in-control-point'),
(2026, 'ease-in-out-control-points'),
(2027, 'ease-in-out'),
(2028, 'ease-in'),
(2029, 'ease-out-control-point'),
(2030, 'ease-out'),
(2031, 'edit-circle-off'),
(2032, 'edit-circle'),
(2033, 'edit-off'),
(2034, 'edit'),
(2035, 'egg-cracked'),
(2037, 'egg-fried'),
(2038, 'egg-off'),
(2039, 'egg'),
(2040, 'eggs'),
(2041, 'elevator-off'),
(2042, 'elevator'),
(2043, 'emergency-bed'),
(2044, 'empathize-off'),
(2045, 'empathize'),
(2046, 'emphasis'),
(2047, 'engine-off'),
(2048, 'engine'),
(2049, 'equal-double'),
(2050, 'equal-not'),
(2051, 'equal'),
(2052, 'eraser-off'),
(2053, 'eraser'),
(2054, 'error-404-off'),
(2055, 'error-404'),
(2059, 'exchange-off'),
(2060, 'exchange'),
(2062, 'exclamation-mark-off'),
(2063, 'exclamation-mark'),
(2064, 'explicit-off'),
(2065, 'explicit'),
(2066, 'exposure-0'),
(2067, 'exposure-minus-1'),
(2068, 'exposure-minus-2'),
(2069, 'exposure-off'),
(2070, 'exposure-plus-1'),
(2071, 'exposure-plus-2'),
(2072, 'exposure'),
(2073, 'external-link-off'),
(2074, 'external-link'),
(2077, 'eye-check'),
(2089, 'eye-off'),
(2097, 'eye-table'),
(2100, 'eye'),
(2101, 'eyeglass-2'),
(2102, 'eyeglass-off'),
(2103, 'eyeglass'),
(2104, 'face-id-error'),
(2105, 'face-id'),
(2106, 'face-mask-off'),
(2107, 'face-mask'),
(2108, 'fall'),
(2109, 'feather-off'),
(2110, 'feather'),
(2111, 'fence-off'),
(2112, 'fence'),
(2113, 'fidget-spinner'),
(2114, 'file-3d'),
(2115, 'file-alert'),
(2116, 'file-analytics'),
(2117, 'file-arrow-left'),
(2118, 'file-arrow-right'),
(2119, 'file-barcode'),
(2120, 'file-broken'),
(2121, 'file-certificate'),
(2122, 'file-chart'),
(2123, 'file-check'),
(2124, 'file-code-2'),
(2125, 'file-code'),
(2127, 'file-database'),
(2128, 'file-delta'),
(2129, 'file-description'),
(2130, 'file-diff'),
(2131, 'file-digit'),
(2132, 'file-dislike'),
(2133, 'file-dollar'),
(2134, 'file-dots'),
(2135, 'file-download'),
(2136, 'file-euro'),
(2137, 'file-export'),
(2139, 'file-function'),
(2140, 'file-horizontal'),
(2141, 'file-import'),
(2142, 'file-infinity'),
(2143, 'file-info'),
(2144, 'file-invoice'),
(2145, 'file-lambda'),
(2146, 'file-like'),
(2147, 'file-minus'),
(2148, 'file-music'),
(2149, 'file-off'),
(2150, 'file-orientation'),
(2151, 'file-pencil'),
(2152, 'file-percent'),
(2153, 'file-phone'),
(2154, 'file-plus'),
(2155, 'file-power'),
(2156, 'file-report'),
(2157, 'file-rss'),
(2158, 'file-scissors'),
(2159, 'file-search'),
(2160, 'file-settings'),
(2161, 'file-shredder'),
(2162, 'file-signal'),
(2163, 'file-spreadsheet'),
(2164, 'file-stack'),
(2165, 'file-star'),
(2166, 'file-symlink'),
(2168, 'file-text'),
(2169, 'file-time'),
(2193, 'file-typography'),
(2194, 'file-unknown'),
(2195, 'file-upload'),
(2196, 'file-vector'),
(2198, 'file-x'),
(2199, 'file-zip'),
(2200, 'file'),
(2201, 'files-off'),
(2202, 'files'),
(2216, 'filter-off'),
(2226, 'filter'),
(2228, 'fingerprint-off'),
(2230, 'fingerprint'),
(2232, 'fire-hydrant-off'),
(2233, 'fire-hydrant'),
(2234, 'firetruck'),
(2235, 'first-aid-kit-off'),
(2236, 'first-aid-kit'),
(2237, 'fish-bone'),
(2238, 'fish-christianity'),
(2239, 'fish-hook-off'),
(2240, 'fish-hook'),
(2241, 'fish-off'),
(2242, 'fish'),
(2244, 'flag-2-off'),
(2245, 'flag-2'),
(2247, 'flag-3'),
(2260, 'flag-off'),
(2270, 'flag'),
(2271, 'flame-off'),
(2272, 'flame'),
(2273, 'flare'),
(2275, 'flask-2-off'),
(2276, 'flask-2'),
(2278, 'flask-off'),
(2279, 'flask'),
(2280, 'flip-flops'),
(2281, 'flip-horizontal'),
(2282, 'flip-vertical'),
(2283, 'float-center'),
(2284, 'float-left'),
(2285, 'float-none'),
(2286, 'float-right'),
(2287, 'flower-off'),
(2288, 'flower'),
(2289, 'focus-2'),
(2291, 'focus-centered'),
(2292, 'focus'),
(2293, 'fold-down'),
(2294, 'fold-up'),
(2295, 'fold'),
(2306, 'folder-minus'),
(2307, 'folder-off'),
(2311, 'folder-plus'),
(2318, 'folder-x'),
(2319, 'folder'),
(2320, 'folders-off'),
(2321, 'folders'),
(2323, 'forbid-2'),
(2325, 'forbid'),
(2326, 'forklift'),
(2327, 'forms'),
(2329, 'fountain-off'),
(2330, 'fountain'),
(2331, 'frame-off'),
(2332, 'frame'),
(2333, 'free-rights'),
(2337, 'fridge-off'),
(2338, 'fridge'),
(2339, 'friends-off'),
(2340, 'friends'),
(2345, 'function-off'),
(2346, 'function'),
(2348, 'garden-cart-off'),
(2349, 'garden-cart'),
(2350, 'gas-station-off'),
(2351, 'gas-station'),
(2353, 'gauge-off'),
(2354, 'gauge'),
(2355, 'gavel'),
(2356, 'gender-agender'),
(2357, 'gender-androgyne'),
(2358, 'gender-bigender'),
(2359, 'gender-demiboy'),
(2360, 'gender-demigirl'),
(2361, 'gender-epicene'),
(2362, 'gender-female'),
(2363, 'gender-femme'),
(2364, 'gender-genderfluid'),
(2365, 'gender-genderless'),
(2366, 'gender-genderqueer'),
(2367, 'gender-hermaphrodite'),
(2368, 'gender-intergender'),
(2369, 'gender-male'),
(2370, 'gender-neutrois'),
(2371, 'gender-third'),
(2372, 'gender-transgender'),
(2373, 'gender-trasvesti'),
(2374, 'geometry'),
(2376, 'ghost-2'),
(2379, 'ghost-off'),
(2380, 'ghost'),
(2381, 'gif'),
(2383, 'gift-card'),
(2385, 'gift-off'),
(2386, 'gift'),
(2387, 'git-branch-deleted'),
(2388, 'git-branch'),
(2389, 'git-cherry-pick'),
(2390, 'git-commit'),
(2391, 'git-compare'),
(2392, 'git-fork'),
(2393, 'git-merge'),
(2394, 'git-pull-request-closed'),
(2395, 'git-pull-request-draft'),
(2396, 'git-pull-request'),
(2397, 'gizmo'),
(2399, 'glass-full'),
(2400, 'glass-off'),
(2401, 'glass'),
(2403, 'globe-off'),
(2404, 'globe'),
(2405, 'go-game'),
(2406, 'golf-off'),
(2407, 'golf'),
(2408, 'gps'),
(2409, 'gradienter'),
(2410, 'grain'),
(2412, 'graph-off'),
(2413, 'graph'),
(2414, 'grave-2'),
(2415, 'grave'),
(2418, 'grid-dots'),
(2420, 'grid-pattern'),
(2422, 'grill-fork'),
(2423, 'grill-off'),
(2424, 'grill-spatula'),
(2425, 'grill'),
(2426, 'grip-horizontal'),
(2427, 'grip-vertical'),
(2428, 'growth'),
(2430, 'guitar-pick'),
(2431, 'h-1'),
(2432, 'h-2'),
(2433, 'h-3'),
(2434, 'h-4'),
(2435, 'h-5'),
(2436, 'h-6'),
(2437, 'hammer-off'),
(2438, 'hammer'),
(2439, 'hand-click'),
(2440, 'hand-finger-off'),
(2441, 'hand-finger'),
(2442, 'hand-grab'),
(2443, 'hand-little-finger'),
(2444, 'hand-middle-finger'),
(2445, 'hand-move'),
(2446, 'hand-off'),
(2447, 'hand-ring-finger'),
(2448, 'hand-rock'),
(2450, 'hand-stop'),
(2451, 'hand-three-fingers'),
(2452, 'hand-two-fingers'),
(2453, 'hanger-2'),
(2454, 'hanger-off'),
(2455, 'hanger'),
(2456, 'hash'),
(2458, 'haze'),
(2460, 'heading-off'),
(2461, 'heading'),
(2463, 'headphones-off'),
(2464, 'headphones'),
(2465, 'headset-off'),
(2466, 'headset'),
(2467, 'health-recognition'),
(2469, 'heart-broken'),
(2479, 'heart-handshake'),
(2480, 'heart-minus'),
(2481, 'heart-off'),
(2484, 'heart-plus'),
(2486, 'heart-rate-monitor'),
(2492, 'heart'),
(2493, 'heartbeat'),
(2494, 'hearts-off'),
(2495, 'hearts'),
(2496, 'helicopter-landing'),
(2497, 'helicopter'),
(2498, 'helmet-off'),
(2499, 'helmet'),
(2506, 'help-off'),
(2514, 'help'),
(2522, 'hexagon-3d'),
(2530, 'hexagon-letter-a'),
(2531, 'hexagon-letter-b'),
(2532, 'hexagon-letter-c'),
(2533, 'hexagon-letter-d'),
(2534, 'hexagon-letter-e'),
(2535, 'hexagon-letter-f'),
(2536, 'hexagon-letter-g'),
(2537, 'hexagon-letter-h'),
(2538, 'hexagon-letter-i'),
(2539, 'hexagon-letter-j'),
(2540, 'hexagon-letter-k'),
(2541, 'hexagon-letter-l'),
(2542, 'hexagon-letter-m'),
(2543, 'hexagon-letter-n'),
(2544, 'hexagon-letter-o'),
(2545, 'hexagon-letter-p'),
(2546, 'hexagon-letter-q'),
(2547, 'hexagon-letter-r'),
(2548, 'hexagon-letter-s'),
(2549, 'hexagon-letter-t'),
(2550, 'hexagon-letter-u'),
(2551, 'hexagon-letter-v'),
(2552, 'hexagon-letter-w'),
(2553, 'hexagon-letter-x'),
(2554, 'hexagon-letter-y'),
(2555, 'hexagon-letter-z'),
(2558, 'hexagon-number-0'),
(2559, 'hexagon-number-1'),
(2560, 'hexagon-number-2'),
(2561, 'hexagon-number-3'),
(2562, 'hexagon-number-4'),
(2563, 'hexagon-number-5'),
(2564, 'hexagon-number-6'),
(2565, 'hexagon-number-7'),
(2566, 'hexagon-number-8'),
(2567, 'hexagon-number-9'),
(2568, 'hexagon-off'),
(2571, 'hexagon'),
(2578, 'hexagons-off'),
(2579, 'hexagons'),
(2580, 'hierarchy-2'),
(2581, 'hierarchy-3'),
(2582, 'hierarchy-off'),
(2583, 'hierarchy'),
(2584, 'highlight-off'),
(2585, 'highlight'),
(2586, 'history-off'),
(2587, 'history-toggle'),
(2588, 'history'),
(2589, 'home-2'),
(2590, 'home-bolt'),
(2591, 'home-cancel'),
(2592, 'home-check'),
(2593, 'home-cog'),
(2594, 'home-dollar'),
(2595, 'home-dot'),
(2596, 'home-down'),
(2597, 'home-eco'),
(2598, 'home-edit'),
(2599, 'home-exclamation'),
(2600, 'home-hand'),
(2601, 'home-heart'),
(2602, 'home-infinity'),
(2603, 'home-link'),
(2604, 'home-minus'),
(2605, 'home-move'),
(2606, 'home-off'),
(2607, 'home-plus'),
(2608, 'home-question'),
(2609, 'home-ribbon'),
(2610, 'home-search'),
(2611, 'home-share'),
(2612, 'home-shield'),
(2613, 'home-signal'),
(2614, 'home-star'),
(2615, 'home-stats'),
(2616, 'home-up'),
(2617, 'home-x'),
(2618, 'home'),
(2619, 'horse-toy'),
(2622, 'hotel-service'),
(2623, 'hourglass-empty'),
(2625, 'hourglass-high'),
(2626, 'hourglass-low'),
(2627, 'hourglass-off'),
(2628, 'hourglass'),
(2640, 'ice-cream-2'),
(2641, 'ice-cream-off'),
(2642, 'ice-cream'),
(2643, 'ice-skating'),
(2644, 'icons-off'),
(2645, 'icons'),
(2646, 'id-badge-2'),
(2647, 'id-badge-off'),
(2648, 'id-badge'),
(2649, 'id-off'),
(2650, 'id'),
(2651, 'inbox-off'),
(2652, 'inbox'),
(2653, 'indent-decrease'),
(2654, 'indent-increase'),
(2655, 'infinity-off'),
(2656, 'infinity'),
(2658, 'info-circle'),
(2667, 'info-square'),
(2672, 'inner-shadow-bottom-left'),
(2674, 'inner-shadow-bottom-right'),
(2675, 'inner-shadow-bottom'),
(2677, 'inner-shadow-left'),
(2679, 'inner-shadow-right'),
(2682, 'inner-shadow-top-left'),
(2684, 'inner-shadow-top-right'),
(2685, 'inner-shadow-top'),
(2688, 'input-search'),
(2690, 'ironing-1'),
(2691, 'ironing-2'),
(2692, 'ironing-3'),
(2693, 'ironing-off'),
(2694, 'ironing-steam-off'),
(2695, 'ironing-steam'),
(2700, 'italic'),
(2702, 'jetpack'),
(2704, 'jewish-star'),
(2705, 'jpg'),
(2707, 'jump-rope'),
(2708, 'karate'),
(2709, 'kayak'),
(2710, 'kering'),
(2711, 'key-off'),
(2712, 'key'),
(2713, 'keyboard-hide'),
(2714, 'keyboard-off'),
(2715, 'keyboard-show'),
(2716, 'keyboard'),
(2718, 'keyframe-align-center'),
(2720, 'keyframe-align-horizontal'),
(2722, 'keyframe-align-vertical'),
(2724, 'keyframe'),
(2726, 'keyframes'),
(2727, 'ladder-off'),
(2728, 'ladder'),
(2730, 'lambda'),
(2731, 'lamp-2'),
(2732, 'lamp-off'),
(2733, 'lamp'),
(2735, 'language-hiragana'),
(2736, 'language-katakana'),
(2737, 'language-off'),
(2738, 'language'),
(2739, 'lasso-off'),
(2740, 'lasso-polygon'),
(2741, 'lasso'),
(2742, 'layers-difference'),
(2743, 'layers-intersect-2'),
(2744, 'layers-intersect'),
(2745, 'layers-linked'),
(2746, 'layers-off'),
(2747, 'layers-subtract'),
(2748, 'layers-union'),
(2749, 'layout-2'),
(2750, 'layout-align-bottom'),
(2751, 'layout-align-center'),
(2752, 'layout-align-left'),
(2753, 'layout-align-middle'),
(2754, 'layout-align-right'),
(2755, 'layout-align-top'),
(2756, 'layout-board-split'),
(2757, 'layout-board'),
(2759, 'layout-bottombar-collapse'),
(2761, 'layout-bottombar-expand'),
(2763, 'layout-bottombar'),
(2764, 'layout-cards'),
(2765, 'layout-collage'),
(2766, 'layout-columns'),
(2767, 'layout-dashboard'),
(2768, 'layout-distribute-horizontal'),
(2769, 'layout-distribute-vertical'),
(2770, 'layout-grid-add'),
(2772, 'layout-grid'),
(2773, 'layout-kanban'),
(2774, 'layout-list'),
(2776, 'layout-navbar-collapse'),
(2778, 'layout-navbar-expand'),
(2780, 'layout-navbar'),
(2781, 'layout-off'),
(2782, 'layout-rows'),
(2784, 'layout-sidebar-left-collapse'),
(2786, 'layout-sidebar-left-expand'),
(2788, 'layout-sidebar-right-collapse'),
(2790, 'layout-sidebar-right-expand'),
(2791, 'layout-sidebar-right'),
(2792, 'layout-sidebar'),
(2793, 'layout'),
(2794, 'leaf-off'),
(2795, 'leaf'),
(2796, 'lego-off'),
(2797, 'lego'),
(2798, 'lemon-2'),
(2799, 'lemon'),
(2801, 'letter-a'),
(2803, 'letter-b'),
(2805, 'letter-c'),
(2806, 'letter-case-lower'),
(2807, 'letter-case-toggle'),
(2808, 'letter-case-upper'),
(2809, 'letter-case'),
(2811, 'letter-d'),
(2813, 'letter-e'),
(2815, 'letter-f'),
(2817, 'letter-g'),
(2819, 'letter-h'),
(2821, 'letter-i'),
(2823, 'letter-j'),
(2825, 'letter-k'),
(2827, 'letter-l'),
(2829, 'letter-m'),
(2831, 'letter-n'),
(2833, 'letter-o'),
(2835, 'letter-p'),
(2837, 'letter-q'),
(2839, 'letter-r'),
(2841, 'letter-s'),
(2842, 'letter-spacing'),
(2844, 'letter-t'),
(2846, 'letter-u'),
(2848, 'letter-v'),
(2850, 'letter-w'),
(2852, 'letter-x'),
(2854, 'letter-y'),
(2856, 'letter-z'),
(2857, 'license-off'),
(2858, 'license'),
(2859, 'lifebuoy-off'),
(2860, 'lifebuoy'),
(2862, 'line-dashed'),
(2863, 'line-dotted'),
(2864, 'line-height'),
(2866, 'line'),
(2868, 'link-off'),
(2870, 'link'),
(2871, 'list-check'),
(2872, 'list-details'),
(2874, 'list-numbers'),
(2875, 'list-search'),
(2877, 'list'),
(2878, 'live-photo-off'),
(2879, 'live-photo'),
(2880, 'live-view'),
(2882, 'loader-2'),
(2883, 'loader-3'),
(2884, 'loader-quarter'),
(2885, 'loader'),
(2887, 'location-broken'),
(2899, 'location-off'),
(2909, 'location'),
(2910, 'lock-access-off'),
(2911, 'lock-access'),
(2922, 'lock-off'),
(2923, 'lock-open-off'),
(2924, 'lock-open'),
(2933, 'lock-square'),
(2937, 'lock'),
(2938, 'logic-and'),
(2939, 'logic-buffer'),
(2940, 'logic-nand'),
(2941, 'logic-nor'),
(2942, 'logic-not'),
(2943, 'logic-or'),
(2944, 'logic-xnor'),
(2945, 'logic-xor'),
(2947, 'login'),
(2949, 'logout'),
(2950, 'lollipop-off'),
(2951, 'lollipop'),
(2952, 'luggage-off'),
(2953, 'luggage'),
(2954, 'lungs-off'),
(2955, 'lungs'),
(2956, 'macro-off'),
(2957, 'macro'),
(2958, 'magnet-off'),
(2959, 'magnet'),
(2970, 'mail-fast'),
(2972, 'mail-forward'),
(2975, 'mail-off'),
(2977, 'mail-opened'),
(2987, 'mail'),
(2988, 'mailbox-off'),
(2989, 'mailbox'),
(2990, 'man'),
(2991, 'manual-gearbox'),
(2992, 'map-2'),
(3006, 'map-off'),
(3020, 'map-pin-off'),
(3030, 'map-pin'),
(3031, 'map-pins'),
(3035, 'map-search'),
(3042, 'map'),
(3043, 'markdown-off'),
(3044, 'markdown'),
(3045, 'marquee-2'),
(3046, 'marquee-off'),
(3047, 'marquee'),
(3048, 'mars'),
(3049, 'mask-off'),
(3050, 'mask'),
(3051, 'masks-theater-off'),
(3052, 'masks-theater'),
(3053, 'massage'),
(3054, 'matchstick'),
(3055, 'math-1-divide-2'),
(3056, 'math-1-divide-3'),
(3057, 'math-avg'),
(3058, 'math-equal-greater'),
(3059, 'math-equal-lower'),
(3060, 'math-function-off'),
(3061, 'math-function-y'),
(3062, 'math-function'),
(3063, 'math-greater'),
(3064, 'math-integral-x'),
(3065, 'math-integral'),
(3066, 'math-integrals'),
(3067, 'math-lower'),
(3068, 'math-max'),
(3069, 'math-min'),
(3070, 'math-not'),
(3071, 'math-off'),
(3072, 'math-pi-divide-2'),
(3073, 'math-pi'),
(3074, 'math-symbols'),
(3075, 'math-x-divide-2'),
(3076, 'math-x-divide-y-2'),
(3077, 'math-x-divide-y'),
(3078, 'math-x-minus-x'),
(3079, 'math-x-minus-y'),
(3080, 'math-x-plus-x'),
(3081, 'math-x-plus-y'),
(3082, 'math-xy'),
(3083, 'math-y-minus-y'),
(3084, 'math-y-plus-y'),
(3085, 'math'),
(3086, 'maximize-off'),
(3087, 'maximize'),
(3088, 'meat-off'),
(3089, 'meat'),
(3090, 'medal-2'),
(3091, 'medal'),
(3094, 'medical-cross-off'),
(3095, 'medical-cross'),
(3096, 'medicine-syrup'),
(3097, 'meeple'),
(3099, 'menorah'),
(3100, 'menu-2'),
(3103, 'menu'),
(3107, 'message-2-code'),
(3114, 'message-2-off'),
(3120, 'message-2-share'),
(3124, 'message-2'),
(3127, 'message-chatbot'),
(3130, 'message-circle-2'),
(3141, 'message-circle-off'),
(3151, 'message-circle'),
(3152, 'message-code'),
(3155, 'message-dots'),
(3158, 'message-forward'),
(3160, 'message-language'),
(3162, 'message-off'),
(3165, 'message-plus'),
(3167, 'message-report'),
(3169, 'message-share'),
(3173, 'message'),
(3174, 'messages-off'),
(3175, 'messages'),
(3176, 'meteor-off'),
(3177, 'meteor'),
(3182, 'mickey'),
(3183, 'microphone-2-off'),
(3184, 'microphone-2'),
(3185, 'microphone-off'),
(3186, 'microphone'),
(3187, 'microscope-off'),
(3188, 'microscope'),
(3189, 'microwave-off'),
(3190, 'microwave'),
(3191, 'military-award'),
(3192, 'military-rank'),
(3193, 'milk-off'),
(3194, 'milk'),
(3195, 'milkshake'),
(3196, 'minimize'),
(3197, 'minus-vertical'),
(3198, 'minus'),
(3199, 'mist-off'),
(3200, 'mist'),
(3203, 'moneybag'),
(3204, 'mood-angry'),
(3205, 'mood-annoyed-2'),
(3206, 'mood-annoyed'),
(3207, 'mood-boy'),
(3211, 'mood-confuzed'),
(3212, 'mood-crazy-happy'),
(3213, 'mood-cry'),
(3217, 'mood-empty'),
(3219, 'mood-happy'),
(3222, 'mood-kid'),
(3223, 'mood-look-left'),
(3224, 'mood-look-right'),
(3226, 'mood-nerd'),
(3227, 'mood-nervous'),
(3229, 'mood-neutral'),
(3230, 'mood-off'),
(3233, 'mood-sad-2'),
(3234, 'mood-sad-dizzy'),
(3236, 'mood-sad-squint'),
(3237, 'mood-sad'),
(3240, 'mood-sick'),
(3241, 'mood-silence'),
(3242, 'mood-sing'),
(3243, 'mood-smile-beam'),
(3244, 'mood-smile-dizzy'),
(3246, 'mood-smile'),
(3247, 'mood-suprised'),
(3248, 'mood-tongue-wink-2'),
(3249, 'mood-tongue-wink'),
(3250, 'mood-tongue'),
(3251, 'mood-unamused'),
(3253, 'mood-wink-2'),
(3254, 'mood-wink'),
(3255, 'mood-wrrr'),
(3257, 'mood-xd'),
(3258, 'moon-2'),
(3260, 'moon-off'),
(3261, 'moon-stars'),
(3262, 'moon'),
(3263, 'moped'),
(3264, 'motorbike'),
(3265, 'mountain-off'),
(3266, 'mountain'),
(3267, 'mouse-2'),
(3269, 'mouse-off'),
(3270, 'mouse'),
(3271, 'moustache'),
(3272, 'movie-off'),
(3273, 'movie'),
(3274, 'mug-off'),
(3275, 'mug'),
(3276, 'multiplier-0-5x'),
(3277, 'multiplier-1-5x'),
(3278, 'multiplier-1x'),
(3279, 'multiplier-2x'),
(3281, 'mushroom-off'),
(3282, 'mushroom'),
(3294, 'music-off'),
(3304, 'music'),
(3319, 'navigation-off'),
(3332, 'navigation'),
(3333, 'needle-thread'),
(3334, 'needle'),
(3335, 'network-off'),
(3336, 'network'),
(3337, 'new-section'),
(3338, 'news-off'),
(3339, 'news'),
(3340, 'nfc-off'),
(3341, 'nfc'),
(3342, 'no-copyright'),
(3343, 'no-creative-commons'),
(3344, 'no-derivatives'),
(3345, 'north-star'),
(3346, 'note-off'),
(3347, 'note'),
(3348, 'notebook-off'),
(3349, 'notebook'),
(3350, 'notes-off'),
(3351, 'notes'),
(3352, 'notification-off'),
(3353, 'notification'),
(3355, 'number-0'),
(3357, 'number-1'),
(3369, 'number-2'),
(3381, 'number-3'),
(3383, 'number-4'),
(3385, 'number-5'),
(3387, 'number-6'),
(3389, 'number-7'),
(3391, 'number-8'),
(3393, 'number-9'),
(3394, 'number'),
(3395, 'numbers'),
(3396, 'nurse'),
(3401, 'octagon-off'),
(3404, 'octagon'),
(3408, 'old'),
(3409, 'olympics-off'),
(3410, 'olympics'),
(3411, 'om'),
(3412, 'omega'),
(3413, 'outbound'),
(3414, 'outlet'),
(3417, 'oval-vertical'),
(3418, 'oval'),
(3419, 'overline'),
(3422, 'package-off'),
(3423, 'package'),
(3424, 'packages'),
(3425, 'pacman'),
(3426, 'page-break'),
(3428, 'paint-off'),
(3429, 'paint'),
(3430, 'palette-off'),
(3431, 'palette'),
(3432, 'panorama-horizontal-off'),
(3433, 'panorama-horizontal'),
(3434, 'panorama-vertical-off'),
(3435, 'panorama-vertical'),
(3436, 'paper-bag-off'),
(3437, 'paper-bag'),
(3438, 'paperclip'),
(3439, 'parachute-off'),
(3440, 'parachute'),
(3441, 'parentheses-off'),
(3442, 'parentheses'),
(3443, 'parking-off'),
(3444, 'parking'),
(3448, 'password'),
(3450, 'paw-off'),
(3451, 'paw'),
(3453, 'peace'),
(3464, 'pencil-minus'),
(3465, 'pencil-off'),
(3468, 'pencil-plus'),
(3475, 'pencil'),
(3477, 'pennant-2'),
(3479, 'pennant-off'),
(3480, 'pennant'),
(3492, 'pentagon-off'),
(3495, 'pentagon'),
(3496, 'pentagram'),
(3497, 'pepper-off'),
(3498, 'pepper'),
(3499, 'percentage'),
(3500, 'perfume'),
(3501, 'perspective-off'),
(3502, 'perspective'),
(3503, 'phone-call'),
(3504, 'phone-calling'),
(3505, 'phone-check'),
(3507, 'phone-incoming'),
(3508, 'phone-off'),
(3509, 'phone-outgoing'),
(3510, 'phone-pause'),
(3511, 'phone-plus'),
(3512, 'phone-x'),
(3513, 'phone'),
(3516, 'photo-cancel'),
(3517, 'photo-check'),
(3524, 'photo-down'),
(3525, 'photo-edit'),
(3528, 'photo-heart'),
(3530, 'photo-minus'),
(3531, 'photo-off'),
(3535, 'photo-plus'),
(3538, 'photo-search'),
(3543, 'photo-shield'),
(3545, 'photo-star'),
(3546, 'photo-up'),
(3548, 'photo-x'),
(3549, 'photo'),
(3550, 'physotherapist'),
(3553, 'picture-in-picture-off'),
(3554, 'picture-in-picture-on'),
(3555, 'picture-in-picture-top'),
(3556, 'picture-in-picture'),
(3557, 'pig-money'),
(3558, 'pig-off'),
(3559, 'pig'),
(3561, 'pill-off'),
(3562, 'pill'),
(3563, 'pills'),
(3565, 'pin'),
(3566, 'ping-pong'),
(3568, 'pinned-off'),
(3569, 'pinned'),
(3570, 'pizza-off'),
(3571, 'pizza'),
(3573, 'plane-arrival'),
(3574, 'plane-departure'),
(3575, 'plane-inflight'),
(3576, 'plane-off'),
(3577, 'plane-tilt'),
(3578, 'plane'),
(3579, 'planet-off'),
(3580, 'planet'),
(3581, 'plant-2-off'),
(3582, 'plant-2'),
(3583, 'plant-off'),
(3584, 'plant'),
(3586, 'play-card-off'),
(3587, 'play-card'),
(3592, 'player-eject'),
(3594, 'player-pause'),
(3596, 'player-play'),
(3598, 'player-record'),
(3600, 'player-skip-back'),
(3602, 'player-skip-forward'),
(3604, 'player-stop'),
(3606, 'player-track-next'),
(3608, 'player-track-prev'),
(3609, 'playlist-add'),
(3610, 'playlist-off'),
(3611, 'playlist-x'),
(3612, 'playlist'),
(3613, 'playstation-circle'),
(3614, 'playstation-square'),
(3615, 'playstation-triangle'),
(3616, 'playstation-x'),
(3617, 'plug-connected-x'),
(3618, 'plug-connected'),
(3619, 'plug-off'),
(3620, 'plug-x'),
(3621, 'plug'),
(3624, 'plus'),
(3625, 'png'),
(3626, 'podium-off'),
(3627, 'podium'),
(3629, 'point-off'),
(3630, 'point'),
(3652, 'pointer'),
(3653, 'pokeball-off'),
(3654, 'pokeball'),
(3655, 'poker-chip'),
(3657, 'polaroid'),
(3658, 'polygon-off'),
(3659, 'polygon'),
(3660, 'poo'),
(3661, 'pool-off'),
(3662, 'pool'),
(3663, 'power'),
(3664, 'pray'),
(3665, 'premium-rights'),
(3666, 'prescription'),
(3667, 'presentation-analytics'),
(3668, 'presentation-off'),
(3669, 'presentation'),
(3670, 'printer-off'),
(3671, 'printer'),
(3675, 'prison'),
(3683, 'prompt'),
(3684, 'propeller-off'),
(3685, 'propeller'),
(3686, 'pumpkin-scary'),
(3687, 'puzzle-2'),
(3689, 'puzzle-off'),
(3690, 'puzzle'),
(3691, 'pyramid-off'),
(3693, 'pyramid'),
(3694, 'qrcode-off'),
(3695, 'qrcode'),
(3696, 'question-mark'),
(3697, 'quote-off'),
(3698, 'quote'),
(3700, 'radar-2'),
(3701, 'radar-off'),
(3702, 'radar'),
(3703, 'radio-off'),
(3704, 'radio'),
(3706, 'radioactive-off'),
(3707, 'radioactive'),
(3708, 'radius-bottom-left'),
(3709, 'radius-bottom-right'),
(3710, 'radius-top-left'),
(3711, 'radius-top-right'),
(3712, 'rainbow-off'),
(3713, 'rainbow'),
(3714, 'rating-12-plus'),
(3715, 'rating-14-plus'),
(3716, 'rating-16-plus'),
(3717, 'rating-18-plus'),
(3718, 'rating-21-plus'),
(3719, 'razor-electric'),
(3720, 'razor'),
(3721, 'receipt-2'),
(3722, 'receipt-off'),
(3723, 'receipt-refund'),
(3724, 'receipt-tax'),
(3725, 'receipt'),
(3726, 'recharging'),
(3727, 'record-mail-off'),
(3728, 'record-mail'),
(3733, 'rectangle-vertical'),
(3734, 'rectangle'),
(3738, 'recycle-off'),
(3739, 'recycle'),
(3740, 'refresh-alert'),
(3741, 'refresh-dot'),
(3742, 'refresh-off'),
(3743, 'refresh'),
(3744, 'regex-off'),
(3745, 'regex'),
(3746, 'registered'),
(3747, 'relation-many-to-many'),
(3748, 'relation-one-to-many'),
(3749, 'relation-one-to-one'),
(3750, 'reload'),
(3752, 'repeat-off'),
(3753, 'repeat-once'),
(3754, 'repeat'),
(3756, 'replace-off'),
(3757, 'replace'),
(3758, 'report-analytics'),
(3759, 'report-medical'),
(3760, 'report-money'),
(3761, 'report-off'),
(3762, 'report-search'),
(3763, 'report'),
(3765, 'resize'),
(3783, 'ribbon-health'),
(3785, 'ripple-off'),
(3786, 'ripple'),
(3787, 'road-off'),
(3788, 'road-sign'),
(3789, 'road'),
(3791, 'robot-off'),
(3792, 'robot'),
(3793, 'rocket-off'),
(3794, 'rocket'),
(3795, 'roller-skating'),
(3796, 'rollercoaster-off'),
(3797, 'rollercoaster'),
(3799, 'rosette-number-0'),
(3800, 'rosette-number-1'),
(3801, 'rosette-number-2'),
(3802, 'rosette-number-3'),
(3803, 'rosette-number-4'),
(3804, 'rosette-number-5'),
(3805, 'rosette-number-6'),
(3806, 'rosette-number-7'),
(3807, 'rosette-number-8'),
(3808, 'rosette-number-9'),
(3809, 'rosette'),
(3810, 'rotate-2'),
(3811, 'rotate-360'),
(3812, 'rotate-clockwise-2'),
(3813, 'rotate-clockwise'),
(3814, 'rotate-dot'),
(3815, 'rotate-rectangle'),
(3816, 'rotate'),
(3817, 'route-2'),
(3820, 'route-off'),
(3826, 'route'),
(3827, 'router-off'),
(3828, 'router'),
(3829, 'row-insert-bottom'),
(3830, 'row-insert-top'),
(3832, 'rss'),
(3833, 'rubber-stamp-off'),
(3834, 'rubber-stamp'),
(3835, 'ruler-2-off'),
(3836, 'ruler-2'),
(3837, 'ruler-3'),
(3838, 'ruler-measure'),
(3839, 'ruler-off'),
(3840, 'ruler'),
(3841, 'run'),
(3843, 's-turn-down'),
(3844, 's-turn-left'),
(3845, 's-turn-right'),
(3846, 's-turn-up'),
(3848, 'sailboat-off'),
(3849, 'sailboat'),
(3850, 'salad'),
(3851, 'salt'),
(3852, 'satellite-off');
INSERT INTO `icon` (`id`, `name`) VALUES
(3853, 'satellite'),
(3854, 'sausage'),
(3855, 'scale-off'),
(3856, 'scale-outline-off'),
(3857, 'scale-outline'),
(3858, 'scale'),
(3859, 'scan-eye'),
(3860, 'scan'),
(3861, 'schema-off'),
(3862, 'schema'),
(3864, 'school-off'),
(3865, 'school'),
(3866, 'scissors-off'),
(3867, 'scissors'),
(3868, 'scooter-electric'),
(3869, 'scooter'),
(3871, 'screen-share-off'),
(3872, 'screen-share'),
(3873, 'screenshot'),
(3874, 'scribble-off'),
(3875, 'scribble'),
(3876, 'script-minus'),
(3877, 'script-plus'),
(3878, 'script-x'),
(3879, 'script'),
(3880, 'scuba-mask-off'),
(3881, 'scuba-mask'),
(3882, 'sdk'),
(3883, 'search-off'),
(3884, 'search'),
(3885, 'section-sign'),
(3886, 'section'),
(3887, 'seeding-off'),
(3888, 'seeding'),
(3890, 'select'),
(3891, 'selector'),
(3892, 'send-off'),
(3893, 'send'),
(3894, 'seo'),
(3895, 'separator-horizontal'),
(3896, 'separator-vertical'),
(3897, 'separator'),
(3898, 'server-2'),
(3899, 'server-bolt'),
(3900, 'server-cog'),
(3901, 'server-off'),
(3902, 'server'),
(3903, 'servicemark'),
(3904, 'settings-2'),
(3905, 'settings-automation'),
(3917, 'settings-off'),
(3927, 'settings'),
(3928, 'shadow-off'),
(3929, 'shadow'),
(3930, 'shape-2'),
(3931, 'shape-3'),
(3932, 'shape-off'),
(3933, 'shape'),
(3936, 'share-off'),
(3937, 'share'),
(3942, 'shield-check'),
(3944, 'shield-checkered'),
(3945, 'shield-chevron'),
(3952, 'shield-half-filled'),
(3953, 'shield-half'),
(3956, 'shield-lock'),
(3958, 'shield-off'),
(3967, 'shield-x'),
(3968, 'shield'),
(3969, 'ship-off'),
(3970, 'ship'),
(3972, 'shirt-off'),
(3973, 'shirt-sport'),
(3974, 'shirt'),
(3975, 'shoe-off'),
(3976, 'shoe'),
(3992, 'shopping-cart-discount'),
(3999, 'shopping-cart-off'),
(4002, 'shopping-cart-plus'),
(4008, 'shopping-cart-x'),
(4009, 'shopping-cart'),
(4010, 'shovel'),
(4011, 'shredder'),
(4013, 'sign-left'),
(4015, 'sign-right'),
(4017, 'signal-3g'),
(4018, 'signal-4g-plus'),
(4019, 'signal-4g'),
(4020, 'signal-5g'),
(4027, 'signature-off'),
(4028, 'signature'),
(4029, 'sitemap-off'),
(4030, 'sitemap'),
(4031, 'skateboard-off'),
(4032, 'skateboard'),
(4034, 'skull'),
(4035, 'slash'),
(4036, 'slashes'),
(4037, 'sleigh'),
(4038, 'slice'),
(4039, 'slideshow'),
(4040, 'smart-home-off'),
(4041, 'smart-home'),
(4042, 'smoking-no'),
(4043, 'smoking'),
(4044, 'snowflake-off'),
(4045, 'snowflake'),
(4046, 'snowman'),
(4047, 'soccer-field'),
(4048, 'social-off'),
(4049, 'social'),
(4050, 'sock'),
(4051, 'sofa-off'),
(4052, 'sofa'),
(4056, 'sort-0-9'),
(4057, 'sort-9-0'),
(4058, 'sort-a-z'),
(4059, 'sort-ascending-2'),
(4060, 'sort-ascending-letters'),
(4061, 'sort-ascending-numbers'),
(4062, 'sort-ascending'),
(4063, 'sort-descending-2'),
(4064, 'sort-descending-letters'),
(4065, 'sort-descending-numbers'),
(4066, 'sort-descending'),
(4067, 'sort-z-a'),
(4068, 'sos'),
(4069, 'soup-off'),
(4070, 'soup'),
(4071, 'source-code'),
(4072, 'space-off'),
(4073, 'space'),
(4074, 'spacing-horizontal'),
(4075, 'spacing-vertical'),
(4077, 'spade'),
(4079, 'speakerphone'),
(4080, 'speedboat'),
(4084, 'spider'),
(4085, 'spiral-off'),
(4086, 'spiral'),
(4087, 'sport-billard'),
(4088, 'spray'),
(4089, 'spy-off'),
(4090, 'spy'),
(4103, 'square-arrow-down'),
(4105, 'square-arrow-left'),
(4107, 'square-arrow-right'),
(4109, 'square-arrow-up'),
(4111, 'square-asterisk'),
(4113, 'square-check'),
(4131, 'square-dot'),
(4133, 'square-f0'),
(4135, 'square-f1'),
(4137, 'square-f2'),
(4139, 'square-f3'),
(4141, 'square-f4'),
(4143, 'square-f5'),
(4145, 'square-f6'),
(4147, 'square-f7'),
(4149, 'square-f8'),
(4151, 'square-f9'),
(4153, 'square-forbid-2'),
(4154, 'square-forbid'),
(4155, 'square-half'),
(4157, 'square-letter-a'),
(4158, 'square-letter-b'),
(4159, 'square-letter-c'),
(4160, 'square-letter-d'),
(4161, 'square-letter-e'),
(4162, 'square-letter-f'),
(4163, 'square-letter-g'),
(4164, 'square-letter-h'),
(4165, 'square-letter-i'),
(4166, 'square-letter-j'),
(4167, 'square-letter-k'),
(4168, 'square-letter-l'),
(4169, 'square-letter-m'),
(4170, 'square-letter-n'),
(4171, 'square-letter-o'),
(4172, 'square-letter-p'),
(4173, 'square-letter-q'),
(4174, 'square-letter-r'),
(4175, 'square-letter-s'),
(4176, 'square-letter-t'),
(4177, 'square-letter-u'),
(4178, 'square-letter-v'),
(4179, 'square-letter-w'),
(4180, 'square-letter-x'),
(4181, 'square-letter-y'),
(4182, 'square-letter-z'),
(4184, 'square-minus'),
(4185, 'square-number-0'),
(4186, 'square-number-1'),
(4187, 'square-number-2'),
(4188, 'square-number-3'),
(4189, 'square-number-4'),
(4190, 'square-number-5'),
(4191, 'square-number-6'),
(4192, 'square-number-7'),
(4193, 'square-number-8'),
(4194, 'square-number-9'),
(4195, 'square-off'),
(4197, 'square-plus'),
(4198, 'square-root-2'),
(4199, 'square-root'),
(4201, 'square-rotated-forbid-2'),
(4202, 'square-rotated-forbid'),
(4203, 'square-rotated-off'),
(4204, 'square-rotated'),
(4232, 'square-rounded-letter-a'),
(4233, 'square-rounded-letter-b'),
(4234, 'square-rounded-letter-c'),
(4235, 'square-rounded-letter-d'),
(4236, 'square-rounded-letter-e'),
(4237, 'square-rounded-letter-f'),
(4238, 'square-rounded-letter-g'),
(4239, 'square-rounded-letter-h'),
(4240, 'square-rounded-letter-i'),
(4241, 'square-rounded-letter-j'),
(4242, 'square-rounded-letter-k'),
(4243, 'square-rounded-letter-l'),
(4244, 'square-rounded-letter-m'),
(4245, 'square-rounded-letter-n'),
(4246, 'square-rounded-letter-o'),
(4247, 'square-rounded-letter-p'),
(4248, 'square-rounded-letter-q'),
(4249, 'square-rounded-letter-r'),
(4250, 'square-rounded-letter-s'),
(4251, 'square-rounded-letter-t'),
(4252, 'square-rounded-letter-u'),
(4253, 'square-rounded-letter-v'),
(4254, 'square-rounded-letter-w'),
(4255, 'square-rounded-letter-x'),
(4256, 'square-rounded-letter-y'),
(4257, 'square-rounded-letter-z'),
(4262, 'square-rounded-number-0'),
(4264, 'square-rounded-number-1'),
(4266, 'square-rounded-number-2'),
(4268, 'square-rounded-number-3'),
(4270, 'square-rounded-number-4'),
(4272, 'square-rounded-number-5'),
(4274, 'square-rounded-number-6'),
(4276, 'square-rounded-number-7'),
(4278, 'square-rounded-number-8'),
(4280, 'square-rounded-number-9'),
(4286, 'square-rounded'),
(4287, 'square-toggle-horizontal'),
(4288, 'square-toggle'),
(4290, 'square-x'),
(4291, 'square'),
(4292, 'squares-diagonal'),
(4293, 'squares-filled'),
(4294, 'stack-2'),
(4295, 'stack-3'),
(4296, 'stack-pop'),
(4297, 'stack-push'),
(4298, 'stack'),
(4299, 'stairs-down'),
(4300, 'stairs-up'),
(4301, 'stairs'),
(4304, 'star-half'),
(4305, 'star-off'),
(4306, 'star'),
(4308, 'stars-off'),
(4309, 'stars'),
(4310, 'status-change'),
(4311, 'steam'),
(4312, 'steering-wheel-off'),
(4313, 'steering-wheel'),
(4314, 'step-into'),
(4315, 'step-out'),
(4316, 'stereo-glasses'),
(4317, 'stethoscope-off'),
(4318, 'stethoscope'),
(4319, 'sticker'),
(4320, 'storm-off'),
(4321, 'storm'),
(4323, 'stretching'),
(4324, 'strikethrough'),
(4325, 'submarine'),
(4326, 'subscript'),
(4327, 'subtask'),
(4328, 'sum-off'),
(4329, 'sum'),
(4332, 'sun-high'),
(4333, 'sun-low'),
(4334, 'sun-moon'),
(4335, 'sun-off'),
(4336, 'sun-wind'),
(4337, 'sun'),
(4338, 'sunglasses'),
(4339, 'sunrise'),
(4340, 'sunset-2'),
(4341, 'sunset'),
(4342, 'superscript'),
(4343, 'svg'),
(4344, 'swimming'),
(4345, 'swipe'),
(4346, 'switch-2'),
(4347, 'switch-3'),
(4348, 'switch-horizontal'),
(4349, 'switch-vertical'),
(4350, 'switch'),
(4351, 'sword-off'),
(4352, 'sword'),
(4353, 'swords'),
(4354, 'table-alias'),
(4357, 'table-export'),
(4360, 'table-import'),
(4362, 'table-off'),
(4363, 'table-options'),
(4367, 'table-shortcut'),
(4368, 'table'),
(4369, 'tag-off'),
(4371, 'tag'),
(4372, 'tags-off'),
(4373, 'tags'),
(4374, 'tallymark-1'),
(4375, 'tallymark-2'),
(4376, 'tallymark-3'),
(4377, 'tallymark-4'),
(4378, 'tallymarks'),
(4379, 'tank'),
(4380, 'target-arrow'),
(4381, 'target-off'),
(4382, 'target'),
(4383, 'teapot'),
(4384, 'telescope-off'),
(4385, 'telescope'),
(4386, 'temperature-celsius'),
(4387, 'temperature-fahrenheit'),
(4388, 'temperature-minus'),
(4389, 'temperature-off'),
(4390, 'temperature-plus'),
(4391, 'temperature'),
(4392, 'template-off'),
(4393, 'template'),
(4394, 'tent-off'),
(4395, 'tent'),
(4396, 'terminal-2'),
(4397, 'terminal'),
(4398, 'test-pipe-2'),
(4399, 'test-pipe-off'),
(4400, 'test-pipe'),
(4401, 'tex'),
(4402, 'text-caption'),
(4403, 'text-color'),
(4404, 'text-decrease'),
(4405, 'text-direction-ltr'),
(4406, 'text-direction-rtl'),
(4407, 'text-increase'),
(4408, 'text-orientation'),
(4409, 'text-plus'),
(4410, 'text-recognition'),
(4411, 'text-resize'),
(4413, 'text-size'),
(4414, 'text-spellcheck'),
(4415, 'text-wrap-disabled'),
(4416, 'text-wrap'),
(4417, 'texture'),
(4419, 'thermometer'),
(4421, 'thumb-down-off'),
(4422, 'thumb-down'),
(4424, 'thumb-up-off'),
(4425, 'thumb-up'),
(4426, 'tic-tac'),
(4427, 'ticket-off'),
(4428, 'ticket'),
(4429, 'tie'),
(4430, 'tilde'),
(4431, 'tilt-shift-off'),
(4432, 'tilt-shift'),
(4448, 'timeline-event'),
(4449, 'timeline'),
(4450, 'tir'),
(4451, 'toggle-left'),
(4452, 'toggle-right'),
(4453, 'toilet-paper-off'),
(4454, 'toilet-paper'),
(4456, 'tool'),
(4457, 'tools-kitchen-2-off'),
(4458, 'tools-kitchen-2'),
(4459, 'tools-kitchen-off'),
(4460, 'tools-kitchen'),
(4461, 'tools-off'),
(4462, 'tools'),
(4463, 'tooltip'),
(4464, 'topology-bus'),
(4465, 'topology-complex'),
(4466, 'topology-full-hierarchy'),
(4467, 'topology-full'),
(4468, 'topology-ring-2'),
(4469, 'topology-ring-3'),
(4470, 'topology-ring'),
(4471, 'topology-star-2'),
(4472, 'topology-star-3'),
(4473, 'topology-star-ring-2'),
(4474, 'topology-star-ring-3'),
(4475, 'topology-star-ring'),
(4476, 'topology-star'),
(4477, 'torii'),
(4478, 'tornado'),
(4479, 'tournament'),
(4480, 'tower-off'),
(4481, 'tower'),
(4482, 'track'),
(4483, 'tractor'),
(4484, 'trademark'),
(4485, 'traffic-cone-off'),
(4486, 'traffic-cone'),
(4487, 'traffic-lights-off'),
(4488, 'traffic-lights'),
(4489, 'train'),
(4490, 'transfer-in'),
(4491, 'transfer-out'),
(4495, 'transform'),
(4496, 'transition-bottom'),
(4497, 'transition-left'),
(4498, 'transition-right'),
(4499, 'transition-top'),
(4501, 'trash-off'),
(4503, 'trash-x'),
(4504, 'trash'),
(4506, 'tree'),
(4507, 'trees'),
(4508, 'trekking'),
(4509, 'trending-down-2'),
(4510, 'trending-down-3'),
(4511, 'trending-down'),
(4512, 'trending-up-2'),
(4513, 'trending-up-3'),
(4514, 'trending-up'),
(4517, 'triangle-inverted'),
(4520, 'triangle-off'),
(4524, 'triangle-square-circle'),
(4525, 'triangle'),
(4526, 'triangles'),
(4527, 'trident'),
(4528, 'trolley'),
(4530, 'trophy-off'),
(4531, 'trophy'),
(4532, 'trowel'),
(4533, 'truck-delivery'),
(4534, 'truck-loading'),
(4535, 'truck-off'),
(4536, 'truck-return'),
(4537, 'truck'),
(4538, 'txt'),
(4539, 'typography-off'),
(4540, 'typography'),
(4542, 'ufo'),
(4544, 'umbrella-off'),
(4545, 'umbrella'),
(4546, 'underline'),
(4548, 'unlink'),
(4549, 'upload'),
(4550, 'urgent'),
(4551, 'usb'),
(4554, 'user-check'),
(4555, 'user-circle'),
(4561, 'user-exclamation'),
(4565, 'user-minus'),
(4566, 'user-off'),
(4570, 'user-plus'),
(4573, 'user-search'),
(4580, 'user-x'),
(4581, 'user'),
(4585, 'users'),
(4586, 'uv-index'),
(4587, 'ux-circle'),
(4588, 'vaccine-bottle-off'),
(4589, 'vaccine-bottle'),
(4590, 'vaccine-off'),
(4591, 'vaccine'),
(4592, 'vacuum-cleaner'),
(4593, 'variable-minus'),
(4594, 'variable-off'),
(4595, 'variable-plus'),
(4596, 'variable'),
(4597, 'vector-bezier-2'),
(4598, 'vector-bezier-arc'),
(4599, 'vector-bezier-circle'),
(4600, 'vector-bezier'),
(4601, 'vector-off'),
(4602, 'vector-spline'),
(4603, 'vector-triangle-off'),
(4604, 'vector-triangle'),
(4605, 'vector'),
(4606, 'venus'),
(4608, 'versions-off'),
(4609, 'versions'),
(4610, 'video-minus'),
(4611, 'video-off'),
(4612, 'video-plus'),
(4613, 'video'),
(4614, 'view-360-off'),
(4615, 'view-360'),
(4616, 'viewfinder-off'),
(4617, 'viewfinder'),
(4618, 'viewport-narrow'),
(4619, 'viewport-wide'),
(4620, 'vinyl'),
(4621, 'vip-off'),
(4622, 'vip'),
(4623, 'virus-off'),
(4624, 'virus-search'),
(4625, 'virus'),
(4626, 'vocabulary-off'),
(4627, 'vocabulary'),
(4629, 'volume-2'),
(4630, 'volume-3'),
(4631, 'volume-off'),
(4632, 'volume'),
(4634, 'walk'),
(4635, 'wall-off'),
(4636, 'wall'),
(4637, 'wallet-off'),
(4638, 'wallet'),
(4639, 'wallpaper-off'),
(4640, 'wallpaper'),
(4641, 'wand-off'),
(4642, 'wand'),
(4643, 'wash-dry-1'),
(4644, 'wash-dry-2'),
(4645, 'wash-dry-3'),
(4646, 'wash-dry-a'),
(4647, 'wash-dry-dip'),
(4648, 'wash-dry-f'),
(4650, 'wash-dry-hang'),
(4651, 'wash-dry-off'),
(4652, 'wash-dry-p'),
(4653, 'wash-dry-shade'),
(4654, 'wash-dry-w'),
(4655, 'wash-dry'),
(4656, 'wash-dryclean-off'),
(4657, 'wash-dryclean'),
(4659, 'wash-gentle'),
(4661, 'wash-machine'),
(4662, 'wash-off'),
(4663, 'wash-press'),
(4664, 'wash-temperature-1'),
(4665, 'wash-temperature-2'),
(4666, 'wash-temperature-3'),
(4667, 'wash-temperature-4'),
(4668, 'wash-temperature-5'),
(4669, 'wash-temperature-6'),
(4670, 'wash-tumble-dry'),
(4671, 'wash-tumble-off'),
(4672, 'wash'),
(4674, 'wave-saw-tool'),
(4675, 'wave-sine'),
(4676, 'wave-square'),
(4678, 'webhook-off'),
(4679, 'webhook'),
(4680, 'weight'),
(4682, 'wheelchair-off'),
(4683, 'wheelchair'),
(4684, 'whirl'),
(4686, 'wifi-1'),
(4687, 'wifi-2'),
(4688, 'wifi-off'),
(4689, 'wifi'),
(4691, 'wind-off'),
(4692, 'wind'),
(4694, 'windmill-off'),
(4695, 'windmill'),
(4696, 'window-maximize'),
(4697, 'window-minimize'),
(4698, 'window-off'),
(4699, 'window'),
(4700, 'windsock'),
(4701, 'wiper-wash'),
(4702, 'wiper'),
(4703, 'woman'),
(4704, 'wood'),
(4712, 'world-download'),
(4715, 'world-latitude'),
(4716, 'world-longitude'),
(4718, 'world-off'),
(4727, 'world-upload'),
(4728, 'world-www'),
(4730, 'world'),
(4731, 'wrecking-ball'),
(4732, 'writing-off'),
(4733, 'writing-sign-off'),
(4734, 'writing-sign'),
(4735, 'writing'),
(4736, 'x'),
(4737, 'xbox-a'),
(4738, 'xbox-b'),
(4739, 'xbox-x'),
(4740, 'xbox-y'),
(4744, 'yin-yang'),
(4745, 'yoga'),
(4746, 'zeppelin-off'),
(4747, 'zeppelin'),
(4748, 'zip'),
(4749, 'zodiac-aquarius'),
(4750, 'zodiac-aries'),
(4751, 'zodiac-cancer'),
(4752, 'zodiac-capricorn'),
(4753, 'zodiac-gemini'),
(4754, 'zodiac-leo'),
(4755, 'zodiac-libra'),
(4756, 'zodiac-pisces'),
(4757, 'zodiac-sagittarius'),
(4758, 'zodiac-scorpio'),
(4759, 'zodiac-taurus'),
(4760, 'zodiac-virgo'),
(4761, 'zoom-cancel'),
(4763, 'zoom-check'),
(4764, 'zoom-code'),
(4765, 'zoom-exclamation'),
(4768, 'zoom-in-area'),
(4770, 'zoom-in'),
(4771, 'zoom-money'),
(4772, 'zoom-out-area'),
(4774, 'zoom-out'),
(4775, 'zoom-pan'),
(4776, 'zoom-question'),
(4777, 'zoom-replace'),
(4778, 'zoom-reset'),
(4780, 'zzz-off'),
(4781, 'zzz');

-- --------------------------------------------------------

--
-- Table structure for table `model_has_roles`
--

CREATE TABLE `model_has_roles` (
  `role_id` bigint(20) UNSIGNED NOT NULL,
  `model_type` varchar(255) COLLATE utf8mb4_unicode_ci NOT NULL,
  `model_id` bigint(20) UNSIGNED NOT NULL
) ENGINE=InnoDB DEFAULT CHARSET=utf8mb4 COLLATE=utf8mb4_unicode_ci;

--
-- Dumping data for table `model_has_roles`
--

INSERT INTO `model_has_roles` (`role_id`, `model_type`, `model_id`) VALUES
(1, 'App\\User', 4),
(1, 'App\\User', 45),
(2, 'App\\User', 41),
(3, 'App\\User', 43),
(3, 'App\\User', 47),
(3, 'App\\User', 49),
(4, 'App\\User', 42),
(4, 'App\\User', 44),
(4, 'App\\User', 46),
(4, 'App\\User', 48);

-- --------------------------------------------------------

--
-- Table structure for table `password_resets`
--

CREATE TABLE `password_resets` (
  `email` varchar(255) COLLATE utf8mb4_unicode_ci NOT NULL,
  `token` varchar(255) COLLATE utf8mb4_unicode_ci NOT NULL,
  `created_at` timestamp NULL DEFAULT NULL
) ENGINE=InnoDB DEFAULT CHARSET=utf8mb4 COLLATE=utf8mb4_unicode_ci;

--
-- Dumping data for table `password_resets`
--

INSERT INTO `password_resets` (`email`, `token`, `created_at`) VALUES
('fajar.nur@raharja.info', '$2y$10$FSEeclJ18iaVhFTAqCtbruL0rPDE/zjNeoV9FJQy.jhz0yYBGwpDW', '2025-05-11 05:00:11');

-- --------------------------------------------------------

--
-- Table structure for table `purchase_request`
--

CREATE TABLE `purchase_request` (
  `id` int(11) NOT NULL,
  `school_id` int(11) NOT NULL,
  `name` varchar(100) NOT NULL,
  `amount` bigint(20) NOT NULL,
  `description` varchar(255) NOT NULL,
  `status` enum('PENDING','APPROVED','REJECTED') NOT NULL,
  `priority` enum('HIGH','MEDIUM','LOW') NOT NULL,
  `created_by` int(11) NOT NULL,
  `created_at` timestamp NOT NULL DEFAULT current_timestamp() ON UPDATE current_timestamp(),
  `updated_at` datetime NOT NULL,
  `approved_by` int(11) DEFAULT NULL,
  `approved_at` datetime DEFAULT NULL,
  `approved_note` varchar(255) DEFAULT NULL,
  `buy_status` enum('PROCESS','PURCHASED') DEFAULT NULL,
  `buy_by` int(11) DEFAULT NULL,
  `buy_at` datetime DEFAULT NULL,
  `buy_file` varchar(255) DEFAULT NULL
) ENGINE=InnoDB DEFAULT CHARSET=utf8mb4;

--
-- Dumping data for table `purchase_request`
--

INSERT INTO `purchase_request` (`id`, `school_id`, `name`, `amount`, `description`, `status`, `priority`, `created_by`, `created_at`, `updated_at`, `approved_by`, `approved_at`, `approved_note`, `buy_status`, `buy_by`, `buy_at`, `buy_file`) VALUES
(2, 4, 'Kursi Siswa', 6000000, 'Penggantian kursi siswa yang rusak pada beberapa ruang kelas. Estimasi harga Rp300.000/unit × 20 unit.', 'PENDING', 'HIGH', 48, '2026-08-11 08:43:51', '2026-08-11 15:43:51', NULL, NULL, NULL, NULL, NULL, NULL, NULL),
(3, 4, 'Meja Siswa', 7500000, 'Penggantian meja belajar yang sudah tidak layak pakai. Estimasi harga Rp500.000/unit × 15 unit.', 'PENDING', 'HIGH', 48, '2026-08-11 16:34:06', '2026-08-11 16:34:06', NULL, NULL, NULL, NULL, NULL, NULL, NULL),
(4, 4, 'Whiteboard Kelas', 3200000, 'Penggantian papan tulis kelas yang sudah mulai pudar dan sulit dibersihkan. Estimasi harga Rp800.000/unit × 4 unit.', 'PENDING', 'MEDIUM', 48, '2026-08-11 08:45:18', '2026-08-11 15:45:18', NULL, NULL, NULL, NULL, NULL, NULL, NULL),
(5, 4, 'Proyektor', 8000000, 'Penambahan media pembelajaran digital untuk ruang kelas. Estimasi harga Rp4.000.000/unit × 2 unit.', 'PENDING', 'MEDIUM', 48, '2026-08-11 08:45:53', '2026-08-11 15:45:53', NULL, NULL, NULL, NULL, NULL, NULL, NULL),
(6, 4, 'Laptop Guru', 12000000, 'Pengadaan laptop untuk administrasi dan penyusunan materi pembelajaran. Estimasi harga Rp6.000.000/unit × 2 unit.', 'PENDING', 'HIGH', 48, '2026-08-11 08:47:13', '2026-08-11 15:47:13', NULL, NULL, NULL, NULL, NULL, NULL, NULL),
(7, 4, 'Printer Multifungsi', 5000000, 'Pengadaan printer untuk kebutuhan administrasi sekolah dan pencetakan soal ujian. Estimasi harga Rp2.500.000/unit × 2 unit.', 'PENDING', 'MEDIUM', 48, '2026-08-11 08:47:51', '2026-08-11 15:47:51', NULL, NULL, NULL, NULL, NULL, NULL, NULL),
(8, 4, 'Rak Sepatu Siswa', 4000000, 'Penataan area depan kelas agar lebih rapi dan tertib. Estimasi harga Rp400.000/unit × 10 unit.', 'PENDING', 'LOW', 48, '2026-08-11 08:48:26', '2026-08-11 15:48:26', NULL, NULL, NULL, NULL, NULL, NULL, NULL),
(9, 4, 'Karpet Mushola', 3000000, 'Penggantian karpet mushola yang sudah usang dan tidak nyaman digunakan. Estimasi harga Rp1.500.000/roll × 2 roll.', 'PENDING', 'HIGH', 48, '2026-08-11 08:48:57', '2026-08-11 15:48:57', NULL, NULL, NULL, NULL, NULL, NULL, NULL),
(10, 4, 'Sound System Mushola', 4500000, 'Pengadaan sound system untuk kegiatan ibadah, kultum, dan acara sekolah. Estimasi harga Rp4.500.000/paket × 1 paket.', 'PENDING', 'MEDIUM', 48, '2026-08-11 08:49:31', '2026-08-11 15:49:31', NULL, NULL, NULL, NULL, NULL, NULL, NULL),
(11, 4, 'Buku Perpustakaan Islami', 2500000, 'Penambahan koleksi buku bacaan islami dan edukatif untuk siswa. Estimasi harga Rp50.000/buku × 50 buku.', 'PENDING', 'LOW', 48, '2026-08-11 08:50:06', '2026-08-11 15:50:06', NULL, NULL, NULL, NULL, NULL, NULL, NULL),
(12, 4, 'Lemari Arsip Guru', 4500000, 'Penyimpanan dokumen administrasi sekolah dan arsip guru. Estimasi harga Rp1.500.000/unit × 3 unit.', 'PENDING', 'LOW', 48, '2026-08-11 08:50:45', '2026-08-11 15:50:45', NULL, NULL, NULL, NULL, NULL, NULL, NULL),
(13, 4, 'CCTV', 6000000, 'Penambahan perangkat CCTV pada area strategis sekolah untuk meningkatkan keamanan. Estimasi harga Rp1.500.000/unit × 4 unit.', 'PENDING', 'MEDIUM', 48, '2026-08-11 08:51:15', '2026-08-11 15:51:15', NULL, NULL, NULL, NULL, NULL, NULL, NULL),
(14, 4, 'Tempat Sampah Pilah', 1600000, 'Mendukung program kebersihan dan edukasi pemilahan sampah. Estimasi harga Rp200.000/unit × 8 unit.', 'PENDING', 'LOW', 48, '2026-08-11 08:51:50', '2026-08-11 15:51:50', NULL, NULL, NULL, NULL, NULL, NULL, NULL),
(15, 4, 'Peralatan UKS', 3500000, 'Pengadaan perlengkapan kesehatan dasar seperti kotak P3K, termometer, dan alat kesehatan ringan. Estimasi harga Rp3.500.000/paket × 1 paket.', 'PENDING', 'HIGH', 48, '2026-08-11 08:53:51', '2026-08-11 15:53:51', NULL, NULL, NULL, NULL, NULL, NULL, NULL),
(16, 4, 'Kipas Angin Dinding', 3000000, 'Penambahan sirkulasi udara pada ruang kelas yang belum memiliki pendingin ruangan. Estimasi harga Rp500.000/unit × 6 unit.', 'PENDING', 'MEDIUM', 48, '2026-08-11 08:54:34', '2026-08-11 15:54:34', NULL, NULL, NULL, NULL, NULL, NULL, NULL),
(18, 3, 'Kursi Siswa', 7500000, 'Penggantian kursi siswa yang rusak pada beberapa ruang kelas. Estimasi harga Rp300.000/unit × 25 unit.', 'PENDING', 'HIGH', 46, '2026-08-12 06:42:27', '2026-08-12 13:42:27', NULL, NULL, NULL, NULL, NULL, NULL, NULL),
(19, 3, 'Meja Siswa', 10000000, 'Penggantian meja siswa yang sudah tidak layak digunakan. Estimasi harga Rp500.000/unit × 20 unit.', 'PENDING', 'HIGH', 46, '2026-08-12 06:42:59', '2026-08-12 13:42:59', NULL, NULL, NULL, NULL, NULL, NULL, NULL),
(20, 3, 'Whiteboard Kelas', 4000000, 'Penggantian papan tulis yang sudah kusam dan sulit dibersihkan. Estimasi harga Rp800.000/unit × 5 unit.', 'PENDING', 'MEDIUM', 46, '2026-08-12 06:45:48', '2026-08-12 13:45:48', NULL, NULL, NULL, NULL, NULL, NULL, NULL),
(21, 3, 'Laptop Guru', 18000000, 'Pengadaan laptop untuk guru kelas dan administrasi pembelajaran. Estimasi harga Rp6.000.000/unit × 3 unit.', 'REJECTED', 'HIGH', 46, '2026-08-17 16:26:22', '2026-08-17 16:26:22', 41, '2026-08-17 16:26:22', 'komputer yang disediakan di kantor masih layak pakai, kebutuhan laptop tidak mendesak, sebaikanya pengeluarannya dialihkan ke hal yg lebih urgent', NULL, NULL, NULL, NULL),
(22, 3, 'Printer Multifungsi', 5000000, 'Pengadaan printer untuk kebutuhan administrasi dan pencetakan soal ujian. Estimasi harga Rp2.500.000/unit × 2 unit.', 'PENDING', 'MEDIUM', 46, '2026-08-12 06:49:07', '2026-08-12 13:49:07', NULL, NULL, NULL, NULL, NULL, NULL, NULL),
(23, 3, 'Proyektor Kelas', 12000000, 'Penambahan media pembelajaran berbasis multimedia. Estimasi harga Rp4.000.000/unit × 3 unit.', 'PENDING', 'MEDIUM', 46, '2026-08-12 06:49:41', '2026-08-12 13:49:41', NULL, NULL, NULL, NULL, NULL, NULL, NULL),
(24, 3, 'Karpet Mushola', 4500000, 'Penggantian karpet mushola yang sudah tipis dan usang. Estimasi harga Rp1.500.000/roll × 3 roll.', 'PENDING', 'HIGH', 46, '2026-08-12 06:50:10', '2026-08-12 13:50:10', NULL, NULL, NULL, NULL, NULL, NULL, NULL),
(25, 3, 'Sound System Mushola', 5000000, 'Pengadaan sound system untuk kegiatan ibadah dan pembinaan karakter islami siswa. Estimasi harga Rp5.000.000/paket × 1 paket.', 'PENDING', 'MEDIUM', 46, '2026-08-12 06:50:46', '2026-08-12 13:50:46', NULL, NULL, NULL, NULL, NULL, NULL, NULL),
(26, 3, 'Buku Perpustakaan Islami', 5000000, 'Penambahan koleksi buku islami dan literasi anak. Estimasi harga Rp50.000/buku × 100 buku.', 'PENDING', 'LOW', 46, '2026-08-12 06:51:37', '2026-08-12 13:51:37', NULL, NULL, NULL, NULL, NULL, NULL, NULL),
(27, 3, 'Rak Buku Perpustakaan', 6000000, 'Penambahan rak untuk penataan koleksi perpustakaan. Estimasi harga Rp1.500.000/unit × 4 unit.', 'PENDING', 'LOW', 46, '2026-08-12 06:52:08', '2026-08-12 13:52:08', NULL, NULL, NULL, NULL, NULL, NULL, NULL),
(28, 3, 'CCTV', 9000000, 'Penambahan titik CCTV pada area gerbang dan koridor sekolah. Estimasi harga Rp1.500.000/unit × 6 unit.', 'PENDING', 'MEDIUM', 46, '2026-08-12 06:52:42', '2026-08-12 13:52:42', NULL, NULL, NULL, NULL, NULL, NULL, NULL),
(29, 3, 'Peralatan UKS', 4000000, 'Pengadaan perlengkapan kesehatan dan P3K siswa. Estimasi harga Rp4.000.000/paket × 1 paket.', 'PENDING', 'HIGH', 46, '2026-08-12 06:53:11', '2026-08-12 13:53:11', NULL, NULL, NULL, NULL, NULL, NULL, NULL),
(30, 3, 'Kipas Angin Dinding', 4000000, 'Penambahan kipas angin pada ruang kelas yang belum memiliki pendingin ruangan. Estimasi harga Rp500.000/unit × 8 unit.', 'PENDING', 'MEDIUM', 46, '2026-08-12 06:53:42', '2026-08-12 13:53:42', NULL, NULL, NULL, NULL, NULL, NULL, NULL),
(31, 3, 'Lemari Arsip', 6000000, 'Pengadaan lemari arsip untuk penyimpanan dokumen sekolah. Estimasi harga Rp1.500.000/unit × 4 unit.', 'PENDING', 'LOW', 46, '2026-08-12 06:54:13', '2026-08-12 13:54:13', NULL, NULL, NULL, NULL, NULL, NULL, NULL),
(32, 3, 'Tempat Sampah Pilah', 2400000, 'Mendukung program kebersihan dan edukasi lingkungan. Estimasi harga Rp200.000/unit × 12 unit.', 'PENDING', 'LOW', 46, '2026-08-12 06:54:45', '2026-08-12 13:54:45', NULL, NULL, NULL, NULL, NULL, NULL, NULL),
(33, 3, 'Alat Peraga Matematika', 5000000, 'Pengadaan alat bantu pembelajaran matematika untuk siswa SD. Estimasi harga Rp2.500.000/paket × 2 paket.', 'PENDING', 'MEDIUM', 46, '2026-08-12 06:55:15', '2026-08-12 13:55:15', NULL, NULL, NULL, NULL, NULL, NULL, NULL),
(34, 3, 'Alat Peraga IPA', 6000000, 'Pengadaan alat bantu praktikum IPA sederhana. Estimasi harga Rp3.000.000/paket × 2 paket.', 'PENDING', 'MEDIUM', 46, '2026-08-12 06:55:44', '2026-08-12 13:55:44', NULL, NULL, NULL, NULL, NULL, NULL, NULL),
(35, 3, 'Jam Dinding Kelas', 1000000, 'Penggantian jam dinding yang rusak pada beberapa kelas. Estimasi harga Rp100.000/unit × 10 unit.', 'PENDING', 'LOW', 46, '2026-08-12 06:56:21', '2026-08-12 13:56:21', NULL, NULL, NULL, NULL, NULL, NULL, NULL),
(36, 3, 'Perlengkapan Pramuka', 3000000, 'Pengadaan perlengkapan kegiatan ekstrakurikuler pramuka. Estimasi harga Rp3.000.000/paket × 1 paket.', 'PENDING', 'LOW', 46, '2026-08-12 06:56:46', '2026-08-12 13:56:46', NULL, NULL, NULL, NULL, NULL, NULL, NULL),
(37, 3, 'Router dan Access Point', 6000000, 'Peningkatan kualitas jaringan internet sekolah. Estimasi harga Rp1.500.000/unit × 4 unit.', 'PENDING', 'MEDIUM', 46, '2026-08-12 06:57:12', '2026-08-12 13:57:12', NULL, NULL, NULL, NULL, NULL, NULL, NULL),
(38, 3, 'Meja Guru', 6000000, 'Penggantian meja guru yang sudah tidak layak digunakan. Estimasi harga Rp1.200.000/unit × 5 unit.', 'PENDING', 'MEDIUM', 46, '2026-08-12 06:57:35', '2026-08-12 13:57:35', NULL, NULL, NULL, NULL, NULL, NULL, NULL),
(39, 3, 'Kursi Guru', 4000000, 'Penggantian kursi guru yang rusak. Estimasi harga Rp800.000/unit × 5 unit.', 'PENDING', 'MEDIUM', 46, '2026-08-12 06:58:05', '2026-08-12 13:58:05', NULL, NULL, NULL, NULL, NULL, NULL, NULL),
(40, 3, 'Dispenser Air Minum', 3000000, 'Pengadaan dispenser untuk ruang guru dan ruang tamu. Estimasi harga Rp1.000.000/unit × 3 unit.', 'PENDING', 'LOW', 46, '2026-08-12 06:58:32', '2026-08-12 13:58:32', NULL, NULL, NULL, NULL, NULL, NULL, NULL),
(41, 3, 'Pengecatan Ruang Kelas', 9000000, 'Perawatan ruang kelas agar tetap nyaman dan representatif. Estimasi biaya Rp1.500.000/kelas × 6 kelas.', 'PENDING', 'MEDIUM', 46, '2026-08-12 06:59:01', '2026-08-12 13:59:01', NULL, NULL, NULL, NULL, NULL, NULL, NULL),
(42, 3, 'Perbaikan Toilet Siswa', 12000000, 'Perbaikan fasilitas toilet siswa untuk menjaga kenyamanan dan kebersihan. Estimasi biaya pekerjaan Rp12.000.000.', 'PENDING', 'HIGH', 46, '2026-08-12 06:59:35', '2026-08-12 13:59:35', NULL, NULL, NULL, NULL, NULL, NULL, NULL),
(43, 2, 'Kursi Siswa', 4500000, 'Penggantian kursi siswa yang rusak pada beberapa ruang kelas. Estimasi harga Rp300.000/unit × 15 unit.', 'APPROVED', 'HIGH', 44, '2026-08-17 15:37:05', '2026-08-17 15:37:05', 41, '2026-08-16 15:25:49', 'segera di pesankan', 'PURCHASED', 47, '2026-08-17 15:37:05', '1786981025_kursi.PNG'),
(44, 2, 'Meja Siswa', 6000000, 'Penggantian meja belajar siswa yang sudah tidak layak digunakan. Estimasi harga Rp500.000/unit × 12 unit.', 'PENDING', 'HIGH', 44, '2026-08-12 07:09:33', '2026-08-12 14:09:33', NULL, NULL, NULL, NULL, NULL, NULL, NULL),
(45, 2, 'Whiteboard Kelas', 3200000, 'Penggantian papan tulis kelas yang sudah kusam. Estimasi harga Rp800.000/unit × 4 unit.', 'PENDING', 'MEDIUM', 44, '2026-08-12 07:10:02', '2026-08-12 14:10:02', NULL, NULL, NULL, NULL, NULL, NULL, NULL),
(46, 2, 'Laptop Guru', 12000000, 'Pengadaan laptop untuk administrasi dan penyusunan perangkat pembelajaran. Estimasi harga Rp6.000.000/unit × 2 unit.', 'REJECTED', 'HIGH', 44, '2026-08-16 15:20:02', '2026-08-16 15:20:02', 41, '2026-08-16 15:20:02', 'komputer yang disediakan di kantor masih layak pakai, kebutuhan laptop tidak mendesak, sebaikanya pengeluarannya dialihkan ke hal yg lebih urgent', NULL, NULL, NULL, NULL),
(47, 2, 'Printer Multifungsi', 5000000, 'Pengadaan printer untuk kebutuhan administrasi dan ujian. Estimasi harga Rp2.500.000/unit × 2 unit.', 'PENDING', 'MEDIUM', 44, '2026-08-12 07:11:07', '2026-08-12 14:11:07', NULL, NULL, NULL, NULL, NULL, NULL, NULL),
(48, 2, 'Lemari Al-Qur\'an', 6000000, 'Penyimpanan Al-Qur\'an dan buku keagamaan di setiap kelas. Estimasi harga Rp1.500.000/unit × 4 unit.', 'PENDING', 'MEDIUM', 44, '2026-08-12 07:11:33', '2026-08-12 14:11:33', NULL, NULL, NULL, NULL, NULL, NULL, NULL),
(49, 2, 'Al-Qur\'an Siswa', 5000000, 'Penggantian Al-Qur\'an yang rusak dan penambahan untuk siswa baru. Estimasi harga Rp100.000/eksemplar × 50 buah.', 'PENDING', 'HIGH', 44, '2026-08-12 07:12:03', '2026-08-12 14:12:03', NULL, NULL, NULL, NULL, NULL, NULL, NULL),
(50, 2, 'Karpet Mushola', 3000000, 'Penggantian karpet mushola yang sudah usang. Estimasi harga Rp1.500.000/roll × 2 roll.', 'PENDING', 'HIGH', 44, '2026-08-12 07:12:33', '2026-08-12 14:12:33', NULL, NULL, NULL, NULL, NULL, NULL, NULL),
(51, 2, 'Sound System Mushola', 4500000, 'Pengadaan sound system untuk kegiatan ibadah dan hafalan Al-Qur\'an. Estimasi harga Rp4.500.000/paket × 1 paket.', 'PENDING', 'MEDIUM', 44, '2026-08-12 07:13:44', '2026-08-12 14:13:44', NULL, NULL, NULL, NULL, NULL, NULL, NULL),
(52, 2, 'Rak Sepatu Mushola', 3000000, 'Penataan area mushola agar lebih tertib. Estimasi harga Rp500.000/unit × 6 unit.', 'PENDING', 'LOW', 44, '2026-08-12 07:14:24', '2026-08-12 14:14:24', NULL, NULL, NULL, NULL, NULL, NULL, NULL),
(53, 2, 'Buku Perpustakaan Islami', 4000000, 'Penambahan koleksi buku islami dan kisah teladan anak. Estimasi harga Rp50.000/buku × 80 buku.', 'PENDING', 'LOW', 44, '2026-08-12 07:15:00', '2026-08-12 14:15:00', NULL, NULL, NULL, NULL, NULL, NULL, NULL),
(54, 2, 'Rak Buku Perpustakaan', 4500000, 'Penambahan rak buku perpustakaan sekolah. Estimasi harga Rp1.500.000/unit × 3 unit.', 'PENDING', 'LOW', 44, '2026-08-12 07:15:36', '2026-08-12 14:15:36', NULL, NULL, NULL, NULL, NULL, NULL, NULL),
(55, 2, 'CCTV', 6000000, 'Penambahan perangkat CCTV pada area gerbang dan koridor sekolah. Estimasi harga Rp1.500.000/unit × 4 unit.', 'PENDING', 'MEDIUM', 44, '2026-08-12 07:17:20', '2026-08-12 14:17:20', NULL, NULL, NULL, NULL, NULL, NULL, NULL),
(56, 2, 'Peralatan UKS', 3500000, 'Pengadaan perlengkapan kesehatan siswa dan kotak P3K. Estimasi harga Rp3.500.000/paket × 1 paket.', 'PENDING', 'HIGH', 44, '2026-08-12 07:17:54', '2026-08-12 14:17:54', NULL, NULL, NULL, NULL, NULL, NULL, NULL),
(57, 2, 'Kipas Angin Dinding', 3000000, 'Penambahan kipas angin pada ruang kelas. Estimasi harga Rp500.000/unit × 6 unit.', 'PENDING', 'MEDIUM', 44, '2026-08-12 07:18:23', '2026-08-12 14:18:23', NULL, NULL, NULL, NULL, NULL, NULL, NULL),
(58, 2, 'Lemari Arsip', 4500000, 'Penyimpanan dokumen administrasi madrasah. Estimasi harga Rp1.500.000/unit × 3 unit.', 'PENDING', 'LOW', 44, '2026-08-12 07:19:53', '2026-08-12 14:19:53', NULL, NULL, NULL, NULL, NULL, NULL, NULL),
(59, 2, 'Tempat Sampah Pilah', 2000000, 'Mendukung program kebersihan lingkungan madrasah. Estimasi harga Rp200.000/unit × 10 unit.', 'PENDING', 'LOW', 44, '2026-08-12 07:20:59', '2026-08-12 14:20:59', NULL, NULL, NULL, NULL, NULL, NULL, NULL),
(60, 2, 'Alat Peraga IPA', 2500000, 'Pengadaan alat bantu pembelajaran IPA sederhana. Estimasi harga Rp2.500.000/paket × 1 paket.', 'PENDING', 'MEDIUM', 44, '2026-08-12 07:21:31', '2026-08-12 14:21:31', NULL, NULL, NULL, NULL, NULL, NULL, NULL),
(61, 2, 'Alat Peraga Matematika', 2500000, 'Pengadaan alat bantu pembelajaran matematika. Estimasi harga Rp2.500.000/paket × 1 paket.', 'PENDING', 'MEDIUM', 44, '2026-08-12 07:22:05', '2026-08-12 14:22:05', NULL, NULL, NULL, NULL, NULL, NULL, NULL),
(62, 2, 'Jam Dinding Kelas', 800000, 'Penggantian jam dinding pada ruang kelas. Estimasi harga Rp100.000/unit × 8 unit.', 'PENDING', 'LOW', 44, '2026-08-12 07:22:45', '2026-08-12 14:22:45', NULL, NULL, NULL, NULL, NULL, NULL, NULL),
(63, 2, 'Perlengkapan Manasik Haji', 4000000, 'Pengadaan perlengkapan edukasi manasik haji untuk siswa. Estimasi biaya Rp4.000.000/paket × 1 paket.', 'PENDING', 'MEDIUM', 44, '2026-08-12 07:23:32', '2026-08-12 14:23:32', NULL, NULL, NULL, NULL, NULL, NULL, NULL),
(64, 2, 'Router dan Access Point', 4500000, 'Peningkatan kualitas jaringan internet sekolah. Estimasi harga Rp1.500.000/unit × 3 unit.', 'PENDING', 'MEDIUM', 44, '2026-08-12 07:24:03', '2026-08-12 14:24:03', NULL, NULL, NULL, NULL, NULL, NULL, NULL),
(65, 2, 'Meja Guru', 4800000, 'Penggantian meja guru yang sudah rusak. Estimasi harga Rp1.200.000/unit × 4 unit.', 'PENDING', 'MEDIUM', 44, '2026-08-12 07:24:40', '2026-08-12 14:24:40', NULL, NULL, NULL, NULL, NULL, NULL, NULL),
(66, 2, 'Kursi Guru', 3200000, 'Penggantian kursi guru yang sudah tidak layak digunakan. Estimasi harga Rp800.000/unit × 4 unit.', 'PENDING', 'MEDIUM', 44, '2026-08-12 07:25:08', '2026-08-12 14:25:08', NULL, NULL, NULL, NULL, NULL, NULL, NULL),
(67, 2, 'Perbaikan Tempat Wudhu', 8000000, 'Perbaikan saluran air dan keramik area wudhu siswa. Estimasi biaya pekerjaan Rp8.000.000.', 'PENDING', 'HIGH', 44, '2026-08-12 07:25:42', '2026-08-12 14:25:42', NULL, NULL, NULL, NULL, NULL, NULL, NULL),
(68, 1, 'AC Ruang Kelas', 8000000, 'Pengadaan AC untuk 2 ruang kelas. Estimasi harga Rp4.000.000/unit × 2 unit.', 'APPROVED', 'HIGH', 42, '2026-08-17 08:10:23', '2026-08-17 08:10:23', 41, '2026-08-17 08:10:23', 'segera dilaksanakan, dahulukan pelayanan dan kenyamanan belajar & mengajar', 'PROCESS', NULL, NULL, NULL),
(69, 1, 'Instalasi AC', 1500000, 'Instalasi listrik dan pemasangan AC pada 2 ruang kelas. Estimasi biaya Rp1.500.000.', 'APPROVED', 'HIGH', 42, '2026-08-17 08:11:12', '2026-08-17 08:11:12', 41, '2026-08-17 08:11:12', 'segera dilaksanakan, dahulukan pelayanan dan kenyamanan belajar & mengajar', 'PROCESS', NULL, NULL, NULL),
(70, 1, 'Meja Belajar Anak', 3000000, 'Penggantian meja belajar yang sudah mulai rusak. Estimasi harga Rp500.000/unit × 6 unit.', 'PENDING', 'MEDIUM', 42, '2026-08-12 07:38:09', '2026-08-12 14:38:09', NULL, NULL, NULL, NULL, NULL, NULL, NULL),
(71, 1, 'Kursi Belajar Anak', 2000000, 'Penggantian kursi anak yang rusak. Estimasi harga Rp200.000/unit × 10 unit.', 'PENDING', 'MEDIUM', 42, '2026-08-12 07:40:34', '2026-08-12 14:40:34', NULL, NULL, NULL, NULL, NULL, NULL, NULL),
(72, 1, 'Karpet Bermain', 1500000, 'Karpet busa untuk kegiatan belajar dan bermain kelompok. Estimasi harga Rp750.000/unit × 2 unit.', 'PENDING', 'HIGH', 42, '2026-08-12 07:41:36', '2026-08-12 14:41:36', NULL, NULL, NULL, NULL, NULL, NULL, NULL),
(73, 1, 'Alat Lukis dan Mewarnai', 1500000, 'Pengadaan krayon, cat air, kuas, kertas gambar, dan perlengkapan seni selama 1 tahun.', 'PENDING', 'HIGH', 42, '2026-08-12 07:42:05', '2026-08-12 14:42:05', NULL, NULL, NULL, NULL, NULL, NULL, NULL),
(74, 1, 'Puzzle Edukasi', 1250000, 'Puzzle huruf, angka, hewan, dan bentuk geometri. Estimasi harga Rp250.000/set × 5 set.', 'PENDING', 'MEDIUM', 42, '2026-08-12 07:42:30', '2026-08-12 14:42:30', NULL, NULL, NULL, NULL, NULL, NULL, NULL),
(75, 1, 'Balok Susun Edukatif', 2000000, 'Alat bermain untuk melatih motorik dan kreativitas anak. Estimasi harga Rp500.000/set × 4 set.', 'PENDING', 'MEDIUM', 42, '2026-08-12 07:43:11', '2026-08-12 14:43:11', NULL, NULL, NULL, NULL, NULL, NULL, NULL),
(76, 1, 'Perosotan Anak', 3500000, 'Pengadaan perosotan ukuran sedang untuk area bermain.', 'PENDING', 'MEDIUM', 42, '2026-08-12 07:43:41', '2026-08-12 14:43:41', NULL, NULL, NULL, NULL, NULL, NULL, NULL),
(77, 1, 'Ayunan Anak', 2500000, 'Pengadaan ayunan anak untuk taman bermain.', 'PENDING', 'LOW', 42, '2026-08-12 07:44:06', '2026-08-12 14:44:06', NULL, NULL, NULL, NULL, NULL, NULL, NULL),
(78, 1, 'Rak Mainan', 2000000, 'Penyimpanan alat bermain dan alat belajar anak. Estimasi harga Rp1.000.000/unit × 2 unit.', 'PENDING', 'MEDIUM', 42, '2026-08-12 07:44:34', '2026-08-12 14:44:34', NULL, NULL, NULL, NULL, NULL, NULL, NULL),
(79, 1, 'Buku Cerita Anak Islami', 1500000, 'Penambahan koleksi buku cerita dan kisah nabi untuk siswa TK. Estimasi harga Rp50.000/buku × 30 buku.', 'PENDING', 'LOW', 42, '2026-08-12 07:45:04', '2026-08-12 14:45:04', NULL, NULL, NULL, NULL, NULL, NULL, NULL),
(80, 1, 'Sound Portable', 1500000, 'Digunakan untuk senam pagi, kegiatan pentas, dan pembelajaran interaktif.', 'PENDING', 'LOW', 42, '2026-08-12 07:46:13', '2026-08-12 14:46:13', NULL, NULL, NULL, NULL, NULL, NULL, NULL),
(81, 1, 'Tempat Cuci Tangan Anak', 1500000, 'Penambahan fasilitas kebersihan ramah anak. Estimasi harga Rp1.500.000/unit × 1 unit.', 'PENDING', 'MEDIUM', 42, '2026-08-12 07:46:59', '2026-08-12 14:46:59', NULL, NULL, NULL, NULL, NULL, NULL, NULL),
(82, 1, 'CCTV', 3000000, 'Pengadaan CCTV untuk area pintu masuk dan ruang bermain. Estimasi harga Rp1.500.000/unit × 2 unit.', 'PENDING', 'HIGH', 42, '2026-08-12 07:47:29', '2026-08-12 14:47:29', NULL, NULL, NULL, NULL, NULL, NULL, NULL);

-- --------------------------------------------------------

--
-- Table structure for table `roles`
--

CREATE TABLE `roles` (
  `id` bigint(20) UNSIGNED NOT NULL,
  `name` varchar(255) COLLATE utf8mb4_unicode_ci NOT NULL,
  `guard_name` varchar(255) COLLATE utf8mb4_unicode_ci NOT NULL,
  `created_at` timestamp NULL DEFAULT NULL,
  `updated_at` timestamp NULL DEFAULT NULL
) ENGINE=InnoDB DEFAULT CHARSET=utf8mb4 COLLATE=utf8mb4_unicode_ci;

--
-- Dumping data for table `roles`
--

INSERT INTO `roles` (`id`, `name`, `guard_name`, `created_at`, `updated_at`) VALUES
(1, 'Admin', 'web', '2022-08-14 21:11:33', '2022-08-14 21:11:33'),
(2, 'Yayasan', 'web', '2022-08-14 21:11:33', '2022-08-14 21:11:33'),
(3, 'Keuangan', 'web', '2022-08-14 21:11:33', '2022-08-14 21:11:33'),
(4, 'Kepala Sekolah', 'web', '2022-08-14 21:11:33', '2022-08-14 21:11:33');

-- --------------------------------------------------------

--
-- Table structure for table `school`
--

CREATE TABLE `school` (
  `id` int(11) NOT NULL,
  `name` varchar(50) NOT NULL,
  `saldo` bigint(20) NOT NULL,
  `created_at` timestamp NOT NULL DEFAULT current_timestamp() ON UPDATE current_timestamp(),
  `updated_at` datetime NOT NULL,
  `color` varchar(20) DEFAULT NULL
) ENGINE=InnoDB DEFAULT CHARSET=utf8mb4;

--
-- Dumping data for table `school`
--

INSERT INTO `school` (`id`, `name`, `saldo`, `created_at`, `updated_at`, `color`) VALUES
(1, 'TKIT Al Istiqomah', 800000, '2026-08-17 08:11:12', '2026-08-17 08:11:12', 'text-primary'),
(2, 'MI Al Istiqomah', 4400000, '2026-08-17 07:47:31', '2026-08-17 07:47:31', 'text-success'),
(3, 'SDIT Al Istiqomah 1', 11900000, '2026-08-17 07:47:41', '2026-08-17 07:47:41', 'text-warning'),
(4, 'SDIT Al Istiqomah 2', 11310000, '2026-08-17 07:47:50', '2026-08-17 07:47:50', 'text-danger');

-- --------------------------------------------------------

--
-- Table structure for table `users`
--

CREATE TABLE `users` (
  `id` bigint(20) UNSIGNED NOT NULL,
  `name` varchar(255) COLLATE utf8mb4_unicode_ci NOT NULL,
  `email` varchar(255) COLLATE utf8mb4_unicode_ci NOT NULL,
  `username` varchar(50) COLLATE utf8mb4_unicode_ci NOT NULL,
  `foto_profile` varchar(50) COLLATE utf8mb4_unicode_ci NOT NULL,
  `no_hp` char(14) COLLATE utf8mb4_unicode_ci DEFAULT NULL,
  `email_verified_at` timestamp NULL DEFAULT NULL,
  `password` varchar(255) COLLATE utf8mb4_unicode_ci NOT NULL,
  `remember_token` varchar(100) COLLATE utf8mb4_unicode_ci DEFAULT NULL,
  `school_id` int(11) DEFAULT NULL,
  `created_at` timestamp NULL DEFAULT NULL,
  `updated_at` timestamp NULL DEFAULT NULL
) ENGINE=InnoDB DEFAULT CHARSET=utf8mb4 COLLATE=utf8mb4_unicode_ci;

--
-- Dumping data for table `users`
--

INSERT INTO `users` (`id`, `name`, `email`, `username`, `foto_profile`, `no_hp`, `email_verified_at`, `password`, `remember_token`, `school_id`, `created_at`, `updated_at`) VALUES
(4, 'Admin', 'admin@istiqomah.sch.id', 'admin', '1784735902.png', '089988776655', NULL, '$2y$10$A25WZxIvkBanBPIGIMypZ.lQkxRPc8S418S.h3KZzFHYd09yHjZi2', 'MAz533wR6d4zqeWDgdHiSdE8CPYAuznkOx7NzeNkgwsXG7hMmPqjH9z52xIp', NULL, '2022-08-14 21:11:33', '2026-07-22 08:58:22'),
(41, 'Drs. Ahmad Hidayat, M.Pd', 'ahmad.hidayat@istiqomah.sch.id', '10001', '1770161058.jpg', '081234567801', NULL, '$2y$10$A25WZxIvkBanBPIGIMypZ.lQkxRPc8S418S.h3KZzFHYd09yHjZi2', NULL, NULL, '2026-02-01 23:27:24', '2026-02-03 16:24:19'),
(42, 'Siti Nurhaliza, S.Pd', 'siti.nurhaliza@istiqomah.sch.id', '10002', '1770161768.jpg', '081234567802', NULL, '$2y$10$A25WZxIvkBanBPIGIMypZ.lQkxRPc8S418S.h3KZzFHYd09yHjZi2', NULL, 1, '2026-02-01 23:27:24', '2026-08-10 08:01:07'),
(43, 'Budi Santoso, S.Kom', 'budi.santoso@istiqomah.sch.id', '10003', '1770162053.jpeg', '081234567803', NULL, '$2y$10$A25WZxIvkBanBPIGIMypZ.lQkxRPc8S418S.h3KZzFHYd09yHjZi2', NULL, NULL, '2026-02-01 23:27:24', '2026-02-03 16:40:53'),
(44, 'Rina Marlina, S.Pd', 'rina.marlina@istiqomah.sch.id', '10004', '1770162412.jpg', '081234567804', NULL, '$2y$10$A25WZxIvkBanBPIGIMypZ.lQkxRPc8S418S.h3KZzFHYd09yHjZi2', NULL, 2, '2026-02-01 23:27:24', '2026-08-10 08:01:32'),
(45, 'Hendra Kurniawan, M.Kom', 'hendra.kurniawan@istiqomah.sch.id', '10005', '1770162437.jpg', '081234567805', NULL, '$2y$10$A25WZxIvkBanBPIGIMypZ.lQkxRPc8S418S.h3KZzFHYd09yHjZi2', NULL, NULL, '2026-02-01 23:27:24', '2026-02-03 16:47:17'),
(46, 'Dewi Lestari, S.Pd', 'dewi.lestari@istiqomah.sch.id', '10006', '1770162491.jpg', '081234567806', NULL, '$2y$10$A25WZxIvkBanBPIGIMypZ.lQkxRPc8S418S.h3KZzFHYd09yHjZi2', NULL, 3, '2026-02-01 23:27:24', '2026-08-10 08:01:43'),
(47, 'Agus Prasetyo, S.T', 'agus.prasetyo@istiqomah.sch.id', '10007', '1770162576.jpg', '081234567807', NULL, '$2y$10$A25WZxIvkBanBPIGIMypZ.lQkxRPc8S418S.h3KZzFHYd09yHjZi2', NULL, NULL, '2026-02-01 23:27:24', '2026-02-03 16:49:36'),
(48, 'Lina Wati, S.Pd', 'lina.wati@istiqomah.sch.id', '10008', '1770162603.jpg', '081234567808', NULL, '$2y$10$A25WZxIvkBanBPIGIMypZ.lQkxRPc8S418S.h3KZzFHYd09yHjZi2', NULL, 4, '2026-02-01 23:27:24', '2026-08-10 08:01:52'),
(49, 'Fajar Nugroho, S.Kom', 'fajar.nugroho@istiqomah.sch.id', '10009', '1770162638.jpg', '081234567809', NULL, '$2y$10$A25WZxIvkBanBPIGIMypZ.lQkxRPc8S418S.h3KZzFHYd09yHjZi2', NULL, NULL, '2026-02-01 23:27:24', '2026-02-03 16:50:38');

--
-- Indexes for dumped tables
--

--
-- Indexes for table `balance_history`
--
ALTER TABLE `balance_history`
  ADD PRIMARY KEY (`id`);

--
-- Indexes for table `icon`
--
ALTER TABLE `icon`
  ADD PRIMARY KEY (`id`);

--
-- Indexes for table `model_has_roles`
--
ALTER TABLE `model_has_roles`
  ADD PRIMARY KEY (`role_id`,`model_id`,`model_type`),
  ADD KEY `model_has_roles_model_id_model_type_index` (`model_id`,`model_type`);

--
-- Indexes for table `password_resets`
--
ALTER TABLE `password_resets`
  ADD KEY `password_resets_email_index` (`email`);

--
-- Indexes for table `purchase_request`
--
ALTER TABLE `purchase_request`
  ADD PRIMARY KEY (`id`);

--
-- Indexes for table `roles`
--
ALTER TABLE `roles`
  ADD PRIMARY KEY (`id`),
  ADD UNIQUE KEY `roles_name_guard_name_unique` (`name`,`guard_name`);

--
-- Indexes for table `school`
--
ALTER TABLE `school`
  ADD PRIMARY KEY (`id`);

--
-- Indexes for table `users`
--
ALTER TABLE `users`
  ADD PRIMARY KEY (`id`),
  ADD UNIQUE KEY `username` (`username`);

--
-- AUTO_INCREMENT for dumped tables
--

--
-- AUTO_INCREMENT for table `balance_history`
--
ALTER TABLE `balance_history`
  MODIFY `id` int(11) NOT NULL AUTO_INCREMENT, AUTO_INCREMENT=17;

--
-- AUTO_INCREMENT for table `purchase_request`
--
ALTER TABLE `purchase_request`
  MODIFY `id` int(11) NOT NULL AUTO_INCREMENT, AUTO_INCREMENT=83;

--
-- AUTO_INCREMENT for table `school`
--
ALTER TABLE `school`
  MODIFY `id` int(11) NOT NULL AUTO_INCREMENT, AUTO_INCREMENT=5;

--
-- AUTO_INCREMENT for table `users`
--
ALTER TABLE `users`
  MODIFY `id` bigint(20) UNSIGNED NOT NULL AUTO_INCREMENT, AUTO_INCREMENT=56;
COMMIT;

